{"id":1075,"date":"2023-06-14T17:46:03","date_gmt":"2023-06-14T17:46:03","guid":{"rendered":"https:\/\/giaiphaponline.vn\/cbvgroup\/?page_id=1075"},"modified":"2025-07-06T14:22:05","modified_gmt":"2025-07-06T07:22:05","slug":"lien-he","status":"publish","type":"page","link":"https:\/\/cbvgroup.net\/?page_id=1075","title":{"rendered":"Li\u00ean h\u1ec7"},"content":{"rendered":"\t<div class=\"img has-hover x md-x lg-x y md-y lg-y\" id=\"image_1046273009\">\n\t\t\t\t\t\t\t\t<div class=\"img-inner image-cover dark\" style=\"padding-top:400px;\">\n\t\t\t<img loading=\"lazy\" decoding=\"async\" width=\"1020\" height=\"404\" src=\"https:\/\/cbvgroup.net\/wp-content\/uploads\/2024\/12\/Gioi-thieu_ben-trong-1-1024x406.jpg\" class=\"attachment-large size-large\" alt=\"\" srcset=\"https:\/\/cbvgroup.net\/wp-content\/uploads\/2024\/12\/Gioi-thieu_ben-trong-1-1024x406.jpg 1024w, https:\/\/cbvgroup.net\/wp-content\/uploads\/2024\/12\/Gioi-thieu_ben-trong-1-300x119.jpg 300w, https:\/\/cbvgroup.net\/wp-content\/uploads\/2024\/12\/Gioi-thieu_ben-trong-1-768x304.jpg 768w, https:\/\/cbvgroup.net\/wp-content\/uploads\/2024\/12\/Gioi-thieu_ben-trong-1-1536x609.jpg 1536w, https:\/\/cbvgroup.net\/wp-content\/uploads\/2024\/12\/Gioi-thieu_ben-trong-1-2048x812.jpg 2048w, https:\/\/cbvgroup.net\/wp-content\/uploads\/2024\/12\/Gioi-thieu_ben-trong-1-1320x523.jpg 1320w, https:\/\/cbvgroup.net\/wp-content\/uploads\/2024\/12\/Gioi-thieu_ben-trong-1-600x238.jpg 600w\" sizes=\"auto, (max-width: 1020px) 100vw, 1020px\" \/>\t\t\t\t\t\t\n\t\t\t\t\t<\/div>\n\t\t\t\t\t\t\t\t\n<style>\n#image_1046273009 {\n  width: 100%;\n}\n<\/style>\n\t<\/div>\n\t\n\t<section class=\"section\" id=\"section_1530867975\">\n\t\t<div class=\"bg section-bg fill bg-fill  bg-loaded\" >\n\n\t\t\t\n\t\t\t\n\t\t\t\n\n\t\t<\/div>\n\n\t\t\n\n\t\t<div class=\"section-content relative\">\n\t\t\t\n<div class=\"row\"  id=\"row-1225379043\">\n\n\t<div id=\"col-692588376\" class=\"col small-12 large-12\"  >\n\t\t\t\t<div class=\"col-inner\"  >\n\t\t\t\n\t\t\t\n\t<div id=\"text-2794090491\" class=\"text title_22\">\n\t\t\n<h1 style=\"text-align: center;\"><strong><span style=\"color: #339966;\">C\u00d4NG TY TNHH T\u1ea6M NH\u00ccN KINH DOANH TH\u00d4NG MINH (CBV GROUP)<\/span><\/strong><\/h1>\n<h2 style=\"text-align: center;\"><strong><span style=\"color: #282828;\">NH\u00c0 CUNG C\u1ea4P GI\u1ea2I PH\u00c1P T\u00cdCH H\u1ee2P TO\u00c0N DI\u1ec6N V\u00c0 T\u1ed0I \u01afU CHO DOANH NGHI\u1ec6P\u00a0\u00a0<\/span><\/strong><\/h2>\n\t\t\n<style>\n#text-2794090491 {\n  color: rgb(30, 124, 62);\n}\n#text-2794090491 > * {\n  color: rgb(30, 124, 62);\n}\n<\/style>\n\t<\/div>\n\t\n\t<div id=\"gap-1336815340\" class=\"gap-element clearfix\" style=\"display:block; height:auto;\">\n\t\t\n<style>\n#gap-1336815340 {\n  padding-top: 10px;\n}\n<\/style>\n\t<\/div>\n\t\n\t<div id=\"text-3899991286\" class=\"text sz15\">\n\t\t\n<p style=\"text-align: justify;\"><span style=\"font-size: 110%;\"><strong>Khi b\u1ea1n c\u1ea7n c\u00e1c gi\u1ea3i ph\u00e1p v\u1ec1<\/strong>:<\/span><\/p>\n<p style=\"text-align: justify;\"><span style=\"font-size: 110%;\">\u00a0&#8211; Gi\u1ea3i ph\u00e1p t\u1ed5ng th\u1ec3 gia t\u0103ng hi\u1ec7u qu\u1ea3 ho\u1ea1t \u0111\u1ed9ng kinh doanh;<\/span><\/p>\n<p style=\"text-align: justify;\"><span style=\"font-size: 110%;\">\u00a0&#8211; Gi\u1ea3i ph\u00e1p h\u1ecdc t\u1eadp v\u00e0 ph\u00e1t tri\u1ec3n n\u0103ng l\u1ef1c t\u1ed5 ch\u1ee9c, \u0111\u1ed9i ng\u0169, con ng\u01b0\u1eddi;<\/span><\/p>\n<p style=\"text-align: justify;\"><span style=\"font-size: 110%;\">\u00a0&#8211; Gi\u1ea3i ph\u00e1p tuy\u1ec3n d\u1ee5ng nh\u00e2n t\u00e0i;<\/span><\/p>\n<p style=\"text-align: justify;\"><span style=\"font-size: 110%;\">\u00a0&#8211; C\u00f4ng c\u1ee5 v\u00e0 gi\u1ea3i ph\u00e1p s\u1ed1&#8230;<\/span><\/p>\n<p style=\"text-align: justify;\"><span style=\"font-size: 110%;\">H\u00e3y \u0111\u1ebfn v\u1edbi <span style=\"color: #339966;\"><strong>CBV Group<\/strong><\/span>. Ch\u00fang t\u00f4i, nh\u1eefng chuy\u00ean gia trong nhi\u1ec1u l\u0129nh v\u1ef1c v\u00e0 \u0111\u1ed9i ng\u0169 c\u00f4ng ngh\u1ec7 h\u00e0ng \u0111\u1ea7u v\u1edbi nhi\u1ec1u kinh nghi\u1ec7m th\u1ef1c chi\u1ebfn v\u00e0 th\u00e0nh qu\u1ea3 \u0111\u01b0\u1ee3c ki\u1ec3m ch\u1ee9ng, mong mu\u1ed1n \u0111em \u0111\u1ebfn c\u00e1c g\u00f3i gi\u1ea3i ph\u00e1p to\u00e0n di\u1ec7n, t\u1ed1i \u01b0u nh\u1eb1m gi\u00fap c\u00e1c doanh nghi\u1ec7p gia t\u0103ng t\u00ednh hi\u1ec7u qu\u1ea3 c\u0169ng nh\u01b0 l\u1ee3i th\u1ebf c\u1ea1nh tranh.<\/span><\/p>\n\t\t\n<style>\n#text-3899991286 {\n  color: rgb(0, 0, 0);\n}\n#text-3899991286 > * {\n  color: rgb(0, 0, 0);\n}\n<\/style>\n\t<\/div>\n\t\n\t<div id=\"gap-1955389986\" class=\"gap-element clearfix\" style=\"display:block; height:auto;\">\n\t\t\n<style>\n#gap-1955389986 {\n  padding-top: 10px;\n}\n<\/style>\n\t<\/div>\n\t\n\t<div id=\"text-3143201850\" class=\"text title_22\">\n\t\t\n<h2><span style=\"color: #282828;\"><strong>GI\u1edc L\u00c0M VI\u1ec6C<\/strong>:<\/span><\/h2>\n\t\t\n<style>\n#text-3143201850 {\n  color: rgb(30, 124, 62);\n}\n#text-3143201850 > * {\n  color: rgb(30, 124, 62);\n}\n<\/style>\n\t<\/div>\n\t\n\t<div id=\"text-562544417\" class=\"text sz15\">\n\t\t\n<ul>\n<li><span style=\"font-size: 110%;\"><strong>Th\u1ee9 Hai &#8211; Th\u1ee9 S\u00e1u<\/strong>: <\/span>\n<ul>\n<li><span style=\"font-size: 110%;\">S\u00e1ng: T\u1eeb<strong> 8:30AM &#8211; 12:00PM<\/strong><\/span><\/li>\n<li><span style=\"font-size: 110%;\">Chi\u1ec1u: T\u1eeb <strong>13:00PM &#8211; 17:30PM<\/strong><\/span><\/li>\n<\/ul>\n<\/li>\n<li><span style=\"font-size: 110%;\">Th\u1ee9 B\u1ea3y\/ Ch\u1ee7 nh\u1eadt\/ L\u1ec5: Ngh\u1ec9<\/span><\/li>\n<\/ul>\n\t\t\n<style>\n#text-562544417 {\n  color: rgb(0, 0, 0);\n}\n#text-562544417 > * {\n  color: rgb(0, 0, 0);\n}\n<\/style>\n\t<\/div>\n\t\n\t<div id=\"gap-1178674680\" class=\"gap-element clearfix\" style=\"display:block; height:auto;\">\n\t\t\n<style>\n#gap-1178674680 {\n  padding-top: 10px;\n}\n<\/style>\n\t<\/div>\n\t\n\t<div id=\"text-320944639\" class=\"text title_22\">\n\t\t\n<h2><span style=\"color: #282828;\">TH\u00d4NG TIN LI\u00caN H\u1ec6: <span style=\"color: #008000;\"><strong>CBV GROUP<\/strong><\/span><\/span><\/h2>\n\t\t\n<style>\n#text-320944639 {\n  color: rgb(30, 124, 62);\n}\n#text-320944639 > * {\n  color: rgb(30, 124, 62);\n}\n<\/style>\n\t<\/div>\n\t\n\t<div id=\"text-4285026702\" class=\"text sz15\">\n\t\t\n<div class=\"icon-box featured-box footer_icon icon-box-left text-left\">\n<div class=\"icon-box-text last-reset\">\n<div id=\"text-285453037\" class=\"text\">\n<ul>\n<li>\n<p><span style=\"font-size: 110%;\">V\u0103n ph\u00f2ng giao d\u1ecbch: <strong>T\u1ea7ng 6 &#8211; T\u00f2a nh\u00e0 v\u0103n ph\u00f2ng EREKA 17 H\u1ed3 B\u00e1 Ki\u1ec7n, Ph\u01b0\u1eddng Ho\u00e0 H\u01b0ng, Qu\u1eadn 10, TP.HCM<\/strong><\/span><\/p>\n<\/li>\n<li>\n<p><span style=\"font-size: 110%;\">V\u0103n ph\u00f2ng c\u00f4ng ty: <strong>71 \u0110\u01b0\u1eddng 40, K\u0110T VENTURA, Ph\u01b0\u1eddng C\u00e1t L\u00e1i, TP. Th\u1ee7 \u0110\u1ee9c, TP.HCM<\/strong><\/span><\/p>\n<\/li>\n<li>\n<p><span style=\"font-size: 110%;\">Hotline: <strong>+84 (0) 898.7777.68<\/strong><\/span><\/p>\n<\/li>\n<li>\n<p><span style=\"font-size: 110%;\">Email: <strong>customerservice@cbvgroup.net<\/strong><\/span><\/p>\n<\/li>\n<\/ul>\n<\/div>\n<\/div>\n<\/div>\n\t\t\n<style>\n#text-4285026702 {\n  color: rgb(0, 0, 0);\n}\n#text-4285026702 > * {\n  color: rgb(0, 0, 0);\n}\n<\/style>\n\t<\/div>\n\t\n\t\t<\/div>\n\t\t\t\t\t<\/div>\n\n\t\n<\/div>\n<div class=\"row map-dc\"  id=\"row-563318261\">\n\n\t<div id=\"col-2137475940\" class=\"col medium-6 small-12 large-6\"  >\n\t\t\t\t<div class=\"col-inner\"  >\n\t\t\t\n\t\t\t\n\t<div id=\"text-587210159\" class=\"text mb-0\">\n\t\t\n<p><iframe src=\"https:\/\/www.google.com\/maps\/embed?pb=!1m18!1m12!1m3!1d453.2739377957932!2d106.66852052178356!3d10.781042161475364!2m3!1f0!2f0!3f0!3m2!1i1024!2i768!4f13.1!3m3!1m2!1s0x31752ed095681c3b%3A0x7e8a761d1eecb22d!2sEreka%20Center%20Building!5e0!3m2!1sen!2s!4v1737536589368!5m2!1sen!2s\" width=\"600\" height=\"450\" style=\"border:0;\" allowfullscreen=\"\" loading=\"lazy\" referrerpolicy=\"no-referrer-when-downgrade\"><\/iframe><\/p>\n\t\t\t<\/div>\n\t\n\t\t<\/div>\n\t\t\t\t\t<\/div>\n\n\t\n\n\t<div id=\"col-1986190270\" class=\"col medium-6 small-12 large-6\"  >\n\t\t\t\t<div class=\"col-inner\"  >\n\t\t\t\n\t\t\t\n\t<div id=\"text-3767634362\" class=\"text mb-0\">\n\t\t\n<p><iframe src=\"https:\/\/www.google.com\/maps\/embed?pb=!1m18!1m12!1m3!1d979.8844663265727!2d106.78854217265084!3d10.770055161959728!2m3!1f0!2f0!3f0!3m2!1i1024!2i768!4f13.1!3m3!1m2!1s0x3175243c65a913ed%3A0x5a8751e002e7ee49!2zNjkgxJDGsOG7nW5nIDQwIENMLCBDw6F0IEzDoWksIFF14bqtbiAyLCBUaMOgbmggcGjhu5EgSOG7kyBDaMOtIE1pbmgsIFZp4buHdCBOYW0!5e0!3m2!1svi!2s!4v1690623984207!5m2!1svi!2s\" width=\"600\" height=\"450\" style=\"border:0;\" allowfullscreen=\"\" loading=\"lazy\" referrerpolicy=\"no-referrer-when-downgrade\"><\/iframe><\/p>\n\t\t\t<\/div>\n\t\n\t\t<\/div>\n\t\t\t\t\t<\/div>\n\n\t\n<\/div>\n\t\t<\/div>\n\n\t\t\n<style>\n#section_1530867975 {\n  padding-top: 60px;\n  padding-bottom: 60px;\n}\n#section_1530867975 .ux-shape-divider--top svg {\n  height: 150px;\n  --divider-top-width: 100%;\n}\n#section_1530867975 .ux-shape-divider--bottom svg {\n  height: 150px;\n  --divider-width: 100%;\n}\n<\/style>\n\t<\/section>\n\t\n","protected":false},"excerpt":{"rendered":"","protected":false},"author":1,"featured_media":0,"parent":0,"menu_order":0,"comment_status":"closed","ping_status":"closed","template":"page-blank.php","meta":{"footnotes":""},"class_list":["post-1075","page","type-page","status-publish","hentry"],"acf":[],"lang":"vi","translations":{"vi":1075,"en":2259},"pll_sync_post":[],"_links":{"self":[{"href":"https:\/\/cbvgroup.net\/index.php?rest_route=\/wp\/v2\/pages\/1075","targetHints":{"allow":["GET"]}}],"collection":[{"href":"https:\/\/cbvgroup.net\/index.php?rest_route=\/wp\/v2\/pages"}],"about":[{"href":"https:\/\/cbvgroup.net\/index.php?rest_route=\/wp\/v2\/types\/page"}],"author":[{"embeddable":true,"href":"https:\/\/cbvgroup.net\/index.php?rest_route=\/wp\/v2\/users\/1"}],"replies":[{"embeddable":true,"href":"https:\/\/cbvgroup.net\/index.php?rest_route=%2Fwp%2Fv2%2Fcomments&post=1075"}],"version-history":[{"count":34,"href":"https:\/\/cbvgroup.net\/index.php?rest_route=\/wp\/v2\/pages\/1075\/revisions"}],"predecessor-version":[{"id":6017,"href":"https:\/\/cbvgroup.net\/index.php?rest_route=\/wp\/v2\/pages\/1075\/revisions\/6017"}],"wp:attachment":[{"href":"https:\/\/cbvgroup.net\/index.php?rest_route=%2Fwp%2Fv2%2Fmedia&parent=1075"}],"curies":[{"name":"wp","href":"https:\/\/api.w.org\/{rel}","templated":true}]}}