{"id":1876,"date":"2023-07-11T04:36:41","date_gmt":"2023-07-11T04:36:41","guid":{"rendered":"https:\/\/giaiphaponline.vn\/cbvgroup\/?page_id=1876"},"modified":"2025-04-11T12:19:49","modified_gmt":"2025-04-11T05:19:49","slug":"du-an-phat-trien-cong-dong","status":"publish","type":"page","link":"https:\/\/cbvgroup.net\/?page_id=1876","title":{"rendered":"C\u00e1c ch\u01b0\u01a1ng tr\u00ecnh c\u1ed9ng \u0111\u1ed3ng t\u1ed5 ch\u1ee9c"},"content":{"rendered":"\t<div class=\"img has-hover x md-x lg-x y md-y lg-y\" id=\"image_1236512250\">\n\t\t\t\t\t\t\t\t<div class=\"img-inner image-cover dark\" style=\"padding-top:400px;\">\n\t\t\t<img loading=\"lazy\" decoding=\"async\" width=\"1020\" height=\"404\" src=\"https:\/\/cbvgroup.net\/wp-content\/uploads\/2024\/12\/Cong-dong_ben-trong-0-1024x406.jpg\" class=\"attachment-large size-large\" alt=\"\" srcset=\"https:\/\/cbvgroup.net\/wp-content\/uploads\/2024\/12\/Cong-dong_ben-trong-0-1024x406.jpg 1024w, https:\/\/cbvgroup.net\/wp-content\/uploads\/2024\/12\/Cong-dong_ben-trong-0-300x119.jpg 300w, https:\/\/cbvgroup.net\/wp-content\/uploads\/2024\/12\/Cong-dong_ben-trong-0-768x304.jpg 768w, https:\/\/cbvgroup.net\/wp-content\/uploads\/2024\/12\/Cong-dong_ben-trong-0-1536x609.jpg 1536w, https:\/\/cbvgroup.net\/wp-content\/uploads\/2024\/12\/Cong-dong_ben-trong-0-2048x812.jpg 2048w, https:\/\/cbvgroup.net\/wp-content\/uploads\/2024\/12\/Cong-dong_ben-trong-0-1320x523.jpg 1320w, https:\/\/cbvgroup.net\/wp-content\/uploads\/2024\/12\/Cong-dong_ben-trong-0-600x238.jpg 600w\" sizes=\"auto, (max-width: 1020px) 100vw, 1020px\" \/>\t\t\t\t\t\t\n\t\t\t\t\t<\/div>\n\t\t\t\t\t\t\t\t\n<style>\n#image_1236512250 {\n  width: 100%;\n}\n<\/style>\n\t<\/div>\n\t\n\t<section class=\"section\" id=\"section_1769998603\">\n\t\t<div class=\"bg section-bg fill bg-fill  bg-loaded\" >\n\n\t\t\t\n\t\t\t<div class=\"section-bg-overlay absolute fill\"><\/div>\n\t\t\t\n\n\t\t<\/div>\n\n\t\t\n\n\t\t<div class=\"section-content relative\">\n\t\t\t\n<div class=\"row row-small\"  id=\"row-869159416\">\n\n\t<div id=\"col-78722530\" class=\"col medium-6 small-12 large-6\"  >\n\t\t\t\t<div class=\"col-inner\"  >\n\t\t\t\n\t\t\t\n\t<div class=\"img has-hover x md-x lg-x y md-y lg-y\" id=\"image_73344798\">\n\t\t\t\t\t\t\t\t<div class=\"img-inner image-cover dark\" style=\"padding-top:100%;\">\n\t\t\t<img loading=\"lazy\" decoding=\"async\" width=\"860\" height=\"872\" src=\"https:\/\/cbvgroup.net\/wp-content\/uploads\/2024\/06\/CSR.jpg\" class=\"attachment-large size-large\" alt=\"\" srcset=\"https:\/\/cbvgroup.net\/wp-content\/uploads\/2024\/06\/CSR.jpg 860w, https:\/\/cbvgroup.net\/wp-content\/uploads\/2024\/06\/CSR-296x300.jpg 296w, https:\/\/cbvgroup.net\/wp-content\/uploads\/2024\/06\/CSR-768x779.jpg 768w, https:\/\/cbvgroup.net\/wp-content\/uploads\/2024\/06\/CSR-600x608.jpg 600w, https:\/\/cbvgroup.net\/wp-content\/uploads\/2024\/06\/CSR-100x100.jpg 100w\" sizes=\"auto, (max-width: 860px) 100vw, 860px\" \/>\t\t\t\t\t\t\n\t\t\t\t\t<\/div>\n\t\t\t\t\t\t\t\t\n<style>\n#image_73344798 {\n  width: 100%;\n}\n<\/style>\n\t<\/div>\n\t\n\t\t<\/div>\n\t\t\t\t\t<\/div>\n\n\t\n\n\t<div id=\"col-1769968368\" class=\"col medium-6 small-12 large-6\"  >\n\t\t\t\t<div class=\"col-inner text-left\"  >\n\t\t\t\n\t\t\t\n\t<div id=\"text-1072765271\" class=\"text\">\n\t\t\n<h2><strong>C\u00d9NG <span style=\"color: #008000;\">CBV GROUP <span style=\"color: #282828;\">THAM GIA C\u00c1C <\/span><\/span><\/strong><strong>CH\u01af\u01a0NG TR\u00ccNH PH\u00c1T TRI\u1ec2N C\u1ed8NG \u0110\u1ed2NG <\/strong><\/h2>\n\t\t\n<style>\n#text-1072765271 {\n  font-size: 1rem;\n  line-height: 2;\n}\n<\/style>\n\t<\/div>\n\t\n<p>V\u1edbi tri\u1ebft l\u00fd \u0111em l\u1ee3i \u00edch c\u1ed9ng \u0111\u1ed3ng &#8211; x\u00e3 h\u1ed9i \u0111\u01b0\u1ee3c l\u1ed3ng v\u00e0o trong l\u1ee3i \u00edch kh\u00e1ch h\u00e0ng v\u00e0 doanh nghi\u1ec7p, <span style=\"font-size: 120%; color: #008000;\"><strong>CBV Group <\/strong><\/span>mong mu\u1ed1n c\u00e1c \u0111\u1ed1i t\u00e1c, kh\u00e1ch h\u00e0ng s\u1ebd nhi\u1ec7t t\u00ecnh h\u01b0\u1edfng \u1ee9ng v\u00e0 c\u00f9ng chung tay g\u00f3p s\u1ee9c cho c\u00e1c ch\u01b0\u01a1ng tr\u00ecnh Ph\u00e1t tri\u1ec3n c\u1ed9ng \u0111\u1ed3ng m\u00e0 <span style=\"color: #008000;\"><strong>CBV Group<\/strong><\/span> t\u1ed5 ch\u1ee9c ho\u1eb7c tham gia s\u1eafp \u0111\u1ebfn. Nh\u1eefng ho\u1ea1t \u0111\u1ed9ng n\u00e0y g\u00f3p ph\u1ea7n lan t\u1ecfa c\u00e1c gi\u00e1 tr\u1ecb nhi\u1ec1u \u00fd ngh\u0129a nh\u00e2n v\u0103n v\u00e0 gi\u00fap cu\u1ed9c s\u1ed1ng tr\u1edf n\u00ean t\u1ed1t \u0111\u1eb9p h\u01a1n.\u00a0\u00a0<\/p>\n\t<div id=\"gap-933905000\" class=\"gap-element clearfix\" style=\"display:block; height:auto;\">\n\t\t\n<style>\n#gap-933905000 {\n  padding-top: 110px;\n}\n<\/style>\n\t<\/div>\n\t\n<div class=\"row\"  id=\"row-1097937356\">\n\n\t<div id=\"col-506587686\" class=\"col small-12 large-12\"  >\n\t\t\t\t<div class=\"col-inner\"  >\n\t\t\t\n\t\t\t\n\t<div class=\"img has-hover x md-x lg-x y md-y lg-y\" id=\"image_307800544\">\n\t\t\t\t\t\t\t\t<div class=\"img-inner dark\" >\n\t\t\t<img loading=\"lazy\" decoding=\"async\" width=\"900\" height=\"383\" src=\"https:\/\/cbvgroup.net\/wp-content\/uploads\/2024\/06\/CSR02.jpg\" class=\"attachment-large size-large\" alt=\"\" srcset=\"https:\/\/cbvgroup.net\/wp-content\/uploads\/2024\/06\/CSR02.jpg 900w, https:\/\/cbvgroup.net\/wp-content\/uploads\/2024\/06\/CSR02-300x128.jpg 300w, https:\/\/cbvgroup.net\/wp-content\/uploads\/2024\/06\/CSR02-768x327.jpg 768w, https:\/\/cbvgroup.net\/wp-content\/uploads\/2024\/06\/CSR02-600x255.jpg 600w\" sizes=\"auto, (max-width: 900px) 100vw, 900px\" \/>\t\t\t\t\t\t\n\t\t\t\t\t<\/div>\n\t\t\t\t\t\t\t\t\n<style>\n#image_307800544 {\n  width: 100%;\n}\n<\/style>\n\t<\/div>\n\t\n\t\t<\/div>\n\t\t\t\t\t<\/div>\n\n\t\n<\/div>\n\t\t<\/div>\n\t\t\t\t\t<\/div>\n\n\t\n<\/div>\n\t\t<\/div>\n\n\t\t\n<style>\n#section_1769998603 {\n  padding-top: 60px;\n  padding-bottom: 60px;\n  background-color: rgb(193, 193, 193);\n}\n#section_1769998603 .section-bg-overlay {\n  background-color: rgba(255, 255, 255, 0.85);\n}\n#section_1769998603 .ux-shape-divider--top svg {\n  height: 150px;\n  --divider-top-width: 100%;\n}\n#section_1769998603 .ux-shape-divider--bottom svg {\n  height: 150px;\n  --divider-width: 100%;\n}\n<\/style>\n\t<\/section>\n\t\n\t<section class=\"section\" id=\"section_1252903557\">\n\t\t<div class=\"bg section-bg fill bg-fill  bg-loaded\" >\n\n\t\t\t\n\t\t\t\n\t\t\t\n\n\t\t<\/div>\n\n\t\t\n\n\t\t<div class=\"section-content relative\">\n\t\t\t\n\t<div id=\"text-1977844617\" class=\"text\">\n\t\t\n<hr \/>\n<h2><strong>C\u00c1C D\u1ef0 \u00c1N C\u1ed8NG \u0110\u1ed2NG TI\u00caU BI\u1ec2U<\/strong><\/h2>\n\t\t\n<style>\n#text-1977844617 {\n  text-align: center;\n}\n<\/style>\n\t<\/div>\n\t\n\t<div id=\"text-1653655017\" class=\"text\">\n\t\t\n<hr \/>\n<h2><strong>CH\u01af\u01a0NG TR\u00ccNH <\/strong><strong>RB <\/strong><strong>CHIA S\u1eba S\u00c1CH<\/strong><\/h2>\n\t\t\n<style>\n#text-1653655017 {\n  text-align: center;\n}\n<\/style>\n\t<\/div>\n\t\n\n  \n    <div class=\"row anh_dai_dien large-columns-4 medium-columns-1 small-columns-1 slider row-slider slider-nav-reveal slider-nav-push\"  data-flickity-options='{\"imagesLoaded\": true, \"groupCells\": \"100%\", \"dragThreshold\" : 5, \"cellAlign\": \"left\",\"wrapAround\": true,\"prevNextButtons\": true,\"percentPosition\": true,\"pageDots\": false, \"rightToLeft\": false, \"autoPlay\" : false}'>\n\n  <div class=\"col post-item\" >\n\t\t\t<div class=\"col-inner\">\n\t\t\t<a href=\"https:\/\/cbvgroup.net\/?p=5779\" class=\"plain\">\n\t\t\t\t<div class=\"box box-normal box-text-bottom box-blog-post has-hover\">\n            \t\t\t\t\t<div class=\"box-image\" >\n  \t\t\t\t\t\t<div class=\"image-cover\" style=\"padding-top:56.25%;\">\n  \t\t\t\t\t\t\t<img loading=\"lazy\" decoding=\"async\" width=\"2560\" height=\"2560\" src=\"https:\/\/cbvgroup.net\/wp-content\/uploads\/2025\/04\/Chia-se-sach-RB-so-3-scaled.jpg\" class=\"attachment-original size-original wp-post-image\" alt=\"\" srcset=\"https:\/\/cbvgroup.net\/wp-content\/uploads\/2025\/04\/Chia-se-sach-RB-so-3-scaled.jpg 2560w, https:\/\/cbvgroup.net\/wp-content\/uploads\/2025\/04\/Chia-se-sach-RB-so-3-300x300.jpg 300w, https:\/\/cbvgroup.net\/wp-content\/uploads\/2025\/04\/Chia-se-sach-RB-so-3-1024x1024.jpg 1024w, https:\/\/cbvgroup.net\/wp-content\/uploads\/2025\/04\/Chia-se-sach-RB-so-3-150x150.jpg 150w, https:\/\/cbvgroup.net\/wp-content\/uploads\/2025\/04\/Chia-se-sach-RB-so-3-768x768.jpg 768w, https:\/\/cbvgroup.net\/wp-content\/uploads\/2025\/04\/Chia-se-sach-RB-so-3-1536x1536.jpg 1536w, https:\/\/cbvgroup.net\/wp-content\/uploads\/2025\/04\/Chia-se-sach-RB-so-3-2048x2048.jpg 2048w, https:\/\/cbvgroup.net\/wp-content\/uploads\/2025\/04\/Chia-se-sach-RB-so-3-1320x1320.jpg 1320w, https:\/\/cbvgroup.net\/wp-content\/uploads\/2025\/04\/Chia-se-sach-RB-so-3-600x600.jpg 600w, https:\/\/cbvgroup.net\/wp-content\/uploads\/2025\/04\/Chia-se-sach-RB-so-3-100x100.jpg 100w\" sizes=\"auto, (max-width: 2560px) 100vw, 2560px\" \/>  \t\t\t\t\t\t\t  \t\t\t\t\t\t\t  \t\t\t\t\t\t<\/div>\n  \t\t\t\t\t\t  \t\t\t\t\t<\/div>\n          \t\t\t\t\t<div class=\"box-text text-center\" >\n\t\t\t\t\t<div class=\"box-text-inner blog-post-inner\">\n\n\t\t\t\t\t\n\t\t\t\t\t\t\t\t\t\t<h5 class=\"post-title is-large \">\ud83c\udf99PODCAST Chia s\u1ebb s\u00e1ch START WITH WHY \u2013 T\u1eacP 3: &#8220;HI\u1ec2U V\u1ec0 GI\u00c1 TR\u1eca NI\u1ec0M TIN NH\u01af TH\u1ebe N\u00c0O CHO TR\u1eccN V\u1eb8N?&#8221;<\/h5>\n\t\t\t\t\t\t\t\t\t\t<div class=\"is-divider\"><\/div>\n\t\t\t\t\t\t\t\t\t\t<p class=\"from_the_blog_excerpt \">Simon Sinek nh\u1ea5n m\u1ea1nh r\u1eb1ng ni\u1ec1m tin kh\u00f4ng th\u1ec3 t\u1ef1 tuy\u00ean b\u1ed1 m\u00e0 ph\u1ea3i \u0111\u01b0\u1ee3c\t\t\t\t\t<\/p>\n\t\t\t\t\t                    \n\t\t\t\t\t\n\t\t\t\t\t\n\t\t\t\t\t<\/div>\n\t\t\t\t\t<\/div>\n\t\t\t\t\t\t\t\t\t<\/div>\n\t\t\t\t<\/a>\n\t\t\t<\/div>\n\t\t<\/div><div class=\"col post-item\" >\n\t\t\t<div class=\"col-inner\">\n\t\t\t<a href=\"https:\/\/cbvgroup.net\/?p=5717\" class=\"plain\">\n\t\t\t\t<div class=\"box box-normal box-text-bottom box-blog-post has-hover\">\n            \t\t\t\t\t<div class=\"box-image\" >\n  \t\t\t\t\t\t<div class=\"image-cover\" style=\"padding-top:56.25%;\">\n  \t\t\t\t\t\t\t<img loading=\"lazy\" decoding=\"async\" width=\"2560\" height=\"2560\" src=\"https:\/\/cbvgroup.net\/wp-content\/uploads\/2025\/03\/Chia-se-sach-RB_02-scaled.jpg\" class=\"attachment-original size-original wp-post-image\" alt=\"\" srcset=\"https:\/\/cbvgroup.net\/wp-content\/uploads\/2025\/03\/Chia-se-sach-RB_02-scaled.jpg 2560w, https:\/\/cbvgroup.net\/wp-content\/uploads\/2025\/03\/Chia-se-sach-RB_02-300x300.jpg 300w, https:\/\/cbvgroup.net\/wp-content\/uploads\/2025\/03\/Chia-se-sach-RB_02-1024x1024.jpg 1024w, https:\/\/cbvgroup.net\/wp-content\/uploads\/2025\/03\/Chia-se-sach-RB_02-150x150.jpg 150w, https:\/\/cbvgroup.net\/wp-content\/uploads\/2025\/03\/Chia-se-sach-RB_02-768x768.jpg 768w, https:\/\/cbvgroup.net\/wp-content\/uploads\/2025\/03\/Chia-se-sach-RB_02-1536x1536.jpg 1536w, https:\/\/cbvgroup.net\/wp-content\/uploads\/2025\/03\/Chia-se-sach-RB_02-2048x2048.jpg 2048w, https:\/\/cbvgroup.net\/wp-content\/uploads\/2025\/03\/Chia-se-sach-RB_02-1320x1320.jpg 1320w, https:\/\/cbvgroup.net\/wp-content\/uploads\/2025\/03\/Chia-se-sach-RB_02-600x600.jpg 600w, https:\/\/cbvgroup.net\/wp-content\/uploads\/2025\/03\/Chia-se-sach-RB_02-100x100.jpg 100w\" sizes=\"auto, (max-width: 2560px) 100vw, 2560px\" \/>  \t\t\t\t\t\t\t  \t\t\t\t\t\t\t  \t\t\t\t\t\t<\/div>\n  \t\t\t\t\t\t  \t\t\t\t\t<\/div>\n          \t\t\t\t\t<div class=\"box-text text-center\" >\n\t\t\t\t\t<div class=\"box-text-inner blog-post-inner\">\n\n\t\t\t\t\t\n\t\t\t\t\t\t\t\t\t\t<h5 class=\"post-title is-large \">\ud83c\udf99PODCAST Chia s\u1ebb s\u00e1ch START WITH WHY &#8211; T\u1eacP 2: &#8220;TRUY\u1ec0N C\u1ea2M H\u1ee8NG &#038; THAO T\u00daNG T\u00c2M L\u00dd &#8211; \u0110\u00c2U TH\u1eacT S\u1ef0 L\u00c0 WHY?&#8221;<\/h5>\n\t\t\t\t\t\t\t\t\t\t<div class=\"is-divider\"><\/div>\n\t\t\t\t\t\t\t\t\t\t<p class=\"from_the_blog_excerpt \">Mu\u1ed1n kh\u00e1ch h\u00e0ng trung th\u00e0nh, \u0111\u1eebng ch\u1ec9 b\u00e1n s\u1ea3n ph\u1ea9m \u2013 h\u00e3y truy\u1ec1n c\u1ea3m h\u1ee9ng\t\t\t\t\t<\/p>\n\t\t\t\t\t                    \n\t\t\t\t\t\n\t\t\t\t\t\n\t\t\t\t\t<\/div>\n\t\t\t\t\t<\/div>\n\t\t\t\t\t\t\t\t\t<\/div>\n\t\t\t\t<\/a>\n\t\t\t<\/div>\n\t\t<\/div><div class=\"col post-item\" >\n\t\t\t<div class=\"col-inner\">\n\t\t\t<a href=\"https:\/\/cbvgroup.net\/?p=5696\" class=\"plain\">\n\t\t\t\t<div class=\"box box-normal box-text-bottom box-blog-post has-hover\">\n            \t\t\t\t\t<div class=\"box-image\" >\n  \t\t\t\t\t\t<div class=\"image-cover\" style=\"padding-top:56.25%;\">\n  \t\t\t\t\t\t\t<img loading=\"lazy\" decoding=\"async\" width=\"2560\" height=\"2560\" src=\"https:\/\/cbvgroup.net\/wp-content\/uploads\/2025\/03\/Chia-se-sach-1-scaled.jpg\" class=\"attachment-original size-original wp-post-image\" alt=\"\" srcset=\"https:\/\/cbvgroup.net\/wp-content\/uploads\/2025\/03\/Chia-se-sach-1-scaled.jpg 2560w, https:\/\/cbvgroup.net\/wp-content\/uploads\/2025\/03\/Chia-se-sach-1-300x300.jpg 300w, https:\/\/cbvgroup.net\/wp-content\/uploads\/2025\/03\/Chia-se-sach-1-1024x1024.jpg 1024w, https:\/\/cbvgroup.net\/wp-content\/uploads\/2025\/03\/Chia-se-sach-1-150x150.jpg 150w, https:\/\/cbvgroup.net\/wp-content\/uploads\/2025\/03\/Chia-se-sach-1-768x768.jpg 768w, https:\/\/cbvgroup.net\/wp-content\/uploads\/2025\/03\/Chia-se-sach-1-1536x1536.jpg 1536w, https:\/\/cbvgroup.net\/wp-content\/uploads\/2025\/03\/Chia-se-sach-1-2048x2048.jpg 2048w, https:\/\/cbvgroup.net\/wp-content\/uploads\/2025\/03\/Chia-se-sach-1-1320x1320.jpg 1320w, https:\/\/cbvgroup.net\/wp-content\/uploads\/2025\/03\/Chia-se-sach-1-600x600.jpg 600w, https:\/\/cbvgroup.net\/wp-content\/uploads\/2025\/03\/Chia-se-sach-1-100x100.jpg 100w\" sizes=\"auto, (max-width: 2560px) 100vw, 2560px\" \/>  \t\t\t\t\t\t\t  \t\t\t\t\t\t\t  \t\t\t\t\t\t<\/div>\n  \t\t\t\t\t\t  \t\t\t\t\t<\/div>\n          \t\t\t\t\t<div class=\"box-text text-center\" >\n\t\t\t\t\t<div class=\"box-text-inner blog-post-inner\">\n\n\t\t\t\t\t\n\t\t\t\t\t\t\t\t\t\t<h5 class=\"post-title is-large \">\ud83c\udf99PODCAST Chia s\u1ebb s\u00e1ch START WITH WHY &#8211; T\u1eacP 1: GOLDEN CIRCLE<\/h5>\n\t\t\t\t\t\t\t\t\t\t<div class=\"is-divider\"><\/div>\n\t\t\t\t\t\t\t\t\t\t<p class=\"from_the_blog_excerpt \">M\u00f4 h\u00ecnh Golden Circle t\u1eeb cu\u1ed1n s\u00e1ch START WITH WHY gi\u00fap doanh nghi\u1ec7p kh\u00e1c bi\u1ec7t\t\t\t\t\t<\/p>\n\t\t\t\t\t                    \n\t\t\t\t\t\n\t\t\t\t\t\n\t\t\t\t\t<\/div>\n\t\t\t\t\t<\/div>\n\t\t\t\t\t\t\t\t\t<\/div>\n\t\t\t\t<\/a>\n\t\t\t<\/div>\n\t\t<\/div><div class=\"col post-item\" >\n\t\t\t<div class=\"col-inner\">\n\t\t\t<a href=\"https:\/\/cbvgroup.net\/?p=5839\" class=\"plain\">\n\t\t\t\t<div class=\"box box-normal box-text-bottom box-blog-post has-hover\">\n            \t\t\t\t\t<div class=\"box-image\" >\n  \t\t\t\t\t\t<div class=\"image-cover\" style=\"padding-top:56.25%;\">\n  \t\t\t\t\t\t\t<img loading=\"lazy\" decoding=\"async\" width=\"2560\" height=\"2560\" src=\"https:\/\/cbvgroup.net\/wp-content\/uploads\/2025\/04\/Hinh-avatar-Chia-se-sach-RB_4-scaled.jpg\" class=\"attachment-original size-original wp-post-image\" alt=\"\" srcset=\"https:\/\/cbvgroup.net\/wp-content\/uploads\/2025\/04\/Hinh-avatar-Chia-se-sach-RB_4-scaled.jpg 2560w, https:\/\/cbvgroup.net\/wp-content\/uploads\/2025\/04\/Hinh-avatar-Chia-se-sach-RB_4-300x300.jpg 300w, https:\/\/cbvgroup.net\/wp-content\/uploads\/2025\/04\/Hinh-avatar-Chia-se-sach-RB_4-1024x1024.jpg 1024w, https:\/\/cbvgroup.net\/wp-content\/uploads\/2025\/04\/Hinh-avatar-Chia-se-sach-RB_4-150x150.jpg 150w, https:\/\/cbvgroup.net\/wp-content\/uploads\/2025\/04\/Hinh-avatar-Chia-se-sach-RB_4-768x768.jpg 768w, https:\/\/cbvgroup.net\/wp-content\/uploads\/2025\/04\/Hinh-avatar-Chia-se-sach-RB_4-1536x1536.jpg 1536w, https:\/\/cbvgroup.net\/wp-content\/uploads\/2025\/04\/Hinh-avatar-Chia-se-sach-RB_4-2048x2048.jpg 2048w, https:\/\/cbvgroup.net\/wp-content\/uploads\/2025\/04\/Hinh-avatar-Chia-se-sach-RB_4-1320x1320.jpg 1320w, https:\/\/cbvgroup.net\/wp-content\/uploads\/2025\/04\/Hinh-avatar-Chia-se-sach-RB_4-600x600.jpg 600w, https:\/\/cbvgroup.net\/wp-content\/uploads\/2025\/04\/Hinh-avatar-Chia-se-sach-RB_4-100x100.jpg 100w\" sizes=\"auto, (max-width: 2560px) 100vw, 2560px\" \/>  \t\t\t\t\t\t\t  \t\t\t\t\t\t\t  \t\t\t\t\t\t<\/div>\n  \t\t\t\t\t\t  \t\t\t\t\t<\/div>\n          \t\t\t\t\t<div class=\"box-text text-center\" >\n\t\t\t\t\t<div class=\"box-text-inner blog-post-inner\">\n\n\t\t\t\t\t\n\t\t\t\t\t\t\t\t\t\t<h5 class=\"post-title is-large \">\ud83c\udf99PODCAST Chia s\u1ebb s\u00e1ch START WITH WHY \u2013 T\u1eacP 4: \u201cT\u1ea6M NH\u00ccN TRUY\u1ec0N C\u1ea2M H\u1ee8NG \u2013 C\u1edeI M\u1ede \u2013 L\u1eaeNG NGHE M\u1edaI L\u00c0 N\u1ec0N T\u1ea2NG PH\u00c1T TRI\u1ec2N B\u1ec0N V\u1eeeNG\u201d<\/h5>\n\t\t\t\t\t\t\t\t\t\t<div class=\"is-divider\"><\/div>\n\t\t\t\t\t\t\t\t\t\t<p class=\"from_the_blog_excerpt \">L\u00e3nh \u0111\u1ea1o gi\u1ecfi kh\u00f4ng ph\u1ea3i ng\u01b0\u1eddi ra \u00fd t\u01b0\u1edfng gi\u1ecfi nh\u1ea5t \u2013 m\u00e0 l\u00e0 ng\u01b0\u1eddi\t\t\t\t\t<\/p>\n\t\t\t\t\t                    \n\t\t\t\t\t\n\t\t\t\t\t\n\t\t\t\t\t<\/div>\n\t\t\t\t\t<\/div>\n\t\t\t\t\t\t\t\t\t<\/div>\n\t\t\t\t<\/a>\n\t\t\t<\/div>\n\t\t<\/div><\/div>\n\t\t<\/div>\n\n\t\t\n<style>\n#section_1252903557 {\n  padding-top: 30px;\n  padding-bottom: 30px;\n}\n#section_1252903557 .ux-shape-divider--top svg {\n  height: 150px;\n  --divider-top-width: 100%;\n}\n#section_1252903557 .ux-shape-divider--bottom svg {\n  height: 150px;\n  --divider-width: 100%;\n}\n<\/style>\n\t<\/section>\n\t\n\t<section class=\"section\" id=\"section_522281063\">\n\t\t<div class=\"bg section-bg fill bg-fill  bg-loaded\" >\n\n\t\t\t\n\t\t\t\n\t\t\t\n\n\t\t<\/div>\n\n\t\t\n\n\t\t<div class=\"section-content relative\">\n\t\t\t\n\t<div id=\"text-4067610608\" class=\"text\">\n\t\t\n<hr \/>\n<h2><strong>CH\u01af\u01a0NG TR\u00ccNH C\u1ed8NG \u0110\u1ed2NG LI\u00caN K\u1ebeT<\/strong><\/h2>\n\t\t\n<style>\n#text-4067610608 {\n  text-align: center;\n}\n<\/style>\n\t<\/div>\n\t\n\n  \n    <div class=\"row anh_dai_dien large-columns-4 medium-columns-1 small-columns-1 slider row-slider slider-nav-reveal slider-nav-push\"  data-flickity-options='{\"imagesLoaded\": true, \"groupCells\": \"100%\", \"dragThreshold\" : 5, \"cellAlign\": \"left\",\"wrapAround\": true,\"prevNextButtons\": true,\"percentPosition\": true,\"pageDots\": false, \"rightToLeft\": false, \"autoPlay\" : false}'>\n\n  <div class=\"col post-item\" >\n\t\t\t<div class=\"col-inner\">\n\t\t\t<a href=\"https:\/\/cbvgroup.net\/?p=5488\" class=\"plain\">\n\t\t\t\t<div class=\"box box-normal box-text-bottom box-blog-post has-hover\">\n            \t\t\t\t\t<div class=\"box-image\" >\n  \t\t\t\t\t\t<div class=\"image-cover\" style=\"padding-top:56.25%;\">\n  \t\t\t\t\t\t\t<img loading=\"lazy\" decoding=\"async\" width=\"1528\" height=\"1281\" src=\"https:\/\/cbvgroup.net\/wp-content\/uploads\/2025\/03\/SGT-2-1.jpg\" class=\"attachment-original size-original wp-post-image\" alt=\"\" srcset=\"https:\/\/cbvgroup.net\/wp-content\/uploads\/2025\/03\/SGT-2-1.jpg 1528w, https:\/\/cbvgroup.net\/wp-content\/uploads\/2025\/03\/SGT-2-1-300x252.jpg 300w, https:\/\/cbvgroup.net\/wp-content\/uploads\/2025\/03\/SGT-2-1-1024x858.jpg 1024w, https:\/\/cbvgroup.net\/wp-content\/uploads\/2025\/03\/SGT-2-1-768x644.jpg 768w, https:\/\/cbvgroup.net\/wp-content\/uploads\/2025\/03\/SGT-2-1-1320x1107.jpg 1320w, https:\/\/cbvgroup.net\/wp-content\/uploads\/2025\/03\/SGT-2-1-600x503.jpg 600w\" sizes=\"auto, (max-width: 1528px) 100vw, 1528px\" \/>  \t\t\t\t\t\t\t  \t\t\t\t\t\t\t  \t\t\t\t\t\t<\/div>\n  \t\t\t\t\t\t  \t\t\t\t\t<\/div>\n          \t\t\t\t\t<div class=\"box-text text-center\" >\n\t\t\t\t\t<div class=\"box-text-inner blog-post-inner\">\n\n\t\t\t\t\t\n\t\t\t\t\t\t\t\t\t\t<h5 class=\"post-title is-large \">\ud83c\udf89 CH\u01af\u01a0NG TR\u00ccNH LAN T\u1eceA TRI TH\u1ee8C &#038; K\u1ebeT N\u1ed0I C\u1ed8NG \u0110\u1ed2NG<\/h5>\n\t\t\t\t\t\t\t\t\t\t<div class=\"is-divider\"><\/div>\n\t\t\t\t\t\t\t\t\t\t<p class=\"from_the_blog_excerpt \">\u201cLead HER Way\u201d nh\u1eb1m T\u00f4n vinh ph\u00e1i n\u1eef!  \r\nC\u00f9ng nhau kh\u00e1m ph\u00e1 3 y\u1ebfu\t\t\t\t\t<\/p>\n\t\t\t\t\t                    \n\t\t\t\t\t\n\t\t\t\t\t\n\t\t\t\t\t<\/div>\n\t\t\t\t\t<\/div>\n\t\t\t\t\t\t\t\t\t<\/div>\n\t\t\t\t<\/a>\n\t\t\t<\/div>\n\t\t<\/div><div class=\"col post-item\" >\n\t\t\t<div class=\"col-inner\">\n\t\t\t<a href=\"https:\/\/cbvgroup.net\/?p=5470\" class=\"plain\">\n\t\t\t\t<div class=\"box box-normal box-text-bottom box-blog-post has-hover\">\n            \t\t\t\t\t<div class=\"box-image\" >\n  \t\t\t\t\t\t<div class=\"image-cover\" style=\"padding-top:56.25%;\">\n  \t\t\t\t\t\t\t<img loading=\"lazy\" decoding=\"async\" width=\"1645\" height=\"1379\" src=\"https:\/\/cbvgroup.net\/wp-content\/uploads\/2025\/03\/OurShiningPearl2025_01-1.jpg\" class=\"attachment-original size-original wp-post-image\" alt=\"\" srcset=\"https:\/\/cbvgroup.net\/wp-content\/uploads\/2025\/03\/OurShiningPearl2025_01-1.jpg 1645w, https:\/\/cbvgroup.net\/wp-content\/uploads\/2025\/03\/OurShiningPearl2025_01-1-300x251.jpg 300w, https:\/\/cbvgroup.net\/wp-content\/uploads\/2025\/03\/OurShiningPearl2025_01-1-1024x858.jpg 1024w, https:\/\/cbvgroup.net\/wp-content\/uploads\/2025\/03\/OurShiningPearl2025_01-1-768x644.jpg 768w, https:\/\/cbvgroup.net\/wp-content\/uploads\/2025\/03\/OurShiningPearl2025_01-1-1536x1288.jpg 1536w, https:\/\/cbvgroup.net\/wp-content\/uploads\/2025\/03\/OurShiningPearl2025_01-1-1320x1107.jpg 1320w, https:\/\/cbvgroup.net\/wp-content\/uploads\/2025\/03\/OurShiningPearl2025_01-1-600x503.jpg 600w\" sizes=\"auto, (max-width: 1645px) 100vw, 1645px\" \/>  \t\t\t\t\t\t\t  \t\t\t\t\t\t\t  \t\t\t\t\t\t<\/div>\n  \t\t\t\t\t\t  \t\t\t\t\t<\/div>\n          \t\t\t\t\t<div class=\"box-text text-center\" >\n\t\t\t\t\t<div class=\"box-text-inner blog-post-inner\">\n\n\t\t\t\t\t\n\t\t\t\t\t\t\t\t\t\t<h5 class=\"post-title is-large \">\ud83d\udce2 CBV GROUP G\u00d3P M\u1eb6T T\u1ea0I OUR SHINING PEARL 2025 \u2013 K\u1ebeT N\u1ed0I GI\u00c1 TR\u1eca, KI\u1ebeN T\u1ea0O TH\u00c0NH C\u00d4NG<\/h5>\n\t\t\t\t\t\t\t\t\t\t<div class=\"is-divider\"><\/div>\n\t\t\t\t\t\t\t\t\t\t<p class=\"from_the_blog_excerpt \">CBV Group t\u1ea1i Our Shining Pearl 2025 \u2013 K\u1ebft n\u1ed1i gi\u00e1 tr\u1ecb, ki\u1ebfn t\u1ea1o th\u00e0nh\t\t\t\t\t<\/p>\n\t\t\t\t\t                    \n\t\t\t\t\t\n\t\t\t\t\t\n\t\t\t\t\t<\/div>\n\t\t\t\t\t<\/div>\n\t\t\t\t\t\t\t\t\t<\/div>\n\t\t\t\t<\/a>\n\t\t\t<\/div>\n\t\t<\/div><\/div>\n\t\t<\/div>\n\n\t\t\n<style>\n#section_522281063 {\n  padding-top: 30px;\n  padding-bottom: 30px;\n}\n#section_522281063 .ux-shape-divider--top svg {\n  height: 150px;\n  --divider-top-width: 100%;\n}\n#section_522281063 .ux-shape-divider--bottom svg {\n  height: 150px;\n  --divider-width: 100%;\n}\n<\/style>\n\t<\/section>\n\t\n\n\n\n","protected":false},"excerpt":{"rendered":"","protected":false},"author":1,"featured_media":0,"parent":0,"menu_order":0,"comment_status":"closed","ping_status":"closed","template":"page-blank.php","meta":{"footnotes":""},"class_list":["post-1876","page","type-page","status-publish","hentry"],"acf":[],"lang":"vi","translations":{"vi":1876,"en":2241},"pll_sync_post":[],"_links":{"self":[{"href":"https:\/\/cbvgroup.net\/index.php?rest_route=\/wp\/v2\/pages\/1876","targetHints":{"allow":["GET"]}}],"collection":[{"href":"https:\/\/cbvgroup.net\/index.php?rest_route=\/wp\/v2\/pages"}],"about":[{"href":"https:\/\/cbvgroup.net\/index.php?rest_route=\/wp\/v2\/types\/page"}],"author":[{"embeddable":true,"href":"https:\/\/cbvgroup.net\/index.php?rest_route=\/wp\/v2\/users\/1"}],"replies":[{"embeddable":true,"href":"https:\/\/cbvgroup.net\/index.php?rest_route=%2Fwp%2Fv2%2Fcomments&post=1876"}],"version-history":[{"count":26,"href":"https:\/\/cbvgroup.net\/index.php?rest_route=\/wp\/v2\/pages\/1876\/revisions"}],"predecessor-version":[{"id":5843,"href":"https:\/\/cbvgroup.net\/index.php?rest_route=\/wp\/v2\/pages\/1876\/revisions\/5843"}],"wp:attachment":[{"href":"https:\/\/cbvgroup.net\/index.php?rest_route=%2Fwp%2Fv2%2Fmedia&parent=1876"}],"curies":[{"name":"wp","href":"https:\/\/api.w.org\/{rel}","templated":true}]}}