{"id":2217,"date":"2023-11-17T07:19:53","date_gmt":"2023-11-17T07:19:53","guid":{"rendered":"https:\/\/giaiphaponline.vn\/cbvgroup\/?page_id=2217"},"modified":"2023-10-27T19:26:43","modified_gmt":"2023-10-27T19:26:43","slug":"cac-giai-phap-tong-the-en","status":"publish","type":"page","link":"https:\/\/cbvgroup.net\/?page_id=2217&lang=en","title":{"rendered":"C\u00e1c gi\u1ea3i ph\u00e1p t\u1ed5ng th\u1ec3 en"},"content":{"rendered":"\t<section class=\"section\" id=\"section_1200753414\">\n\t\t<div class=\"bg section-bg fill bg-fill  bg-loaded\" >\n\n\t\t\t\n\t\t\t\n\t\t\t\n\n\t\t<\/div>\n\n\t\t\n\n\t\t<div class=\"section-content relative\">\n\t\t\t\n<div class=\"row\"  id=\"row-919214826\">\n\n\t<div id=\"col-1983208088\" class=\"col small-12 large-12\"  >\n\t\t\t\t<div class=\"col-inner\"  >\n\t\t\t\n\t\t\t\n\t<div id=\"text-2569877428\" class=\"text title_22\">\n\t\t\n<h2><a href=\"https:\/\/cbvgroup.net\/category\/giai-phap-toi-uu-doanh-nghiep\/giai-phap-nen-tang-so-hoa\/\">GI\u1ea2I PH\u00c1P N\u1ec0N T\u1ea2NG S\u1ed0 H\u00d3A<\/a><\/h2>\n\t\t\n<style>\n#text-2569877428 {\n  text-align: center;\n}\n<\/style>\n\t<\/div>\n\t\n\n  \n    <div class=\"row anh_dai_dien large-columns-4 medium-columns-1 small-columns-1 slider row-slider slider-nav-reveal slider-nav-push\"  data-flickity-options='{\"imagesLoaded\": true, \"groupCells\": \"100%\", \"dragThreshold\" : 5, \"cellAlign\": \"left\",\"wrapAround\": true,\"prevNextButtons\": true,\"percentPosition\": true,\"pageDots\": false, \"rightToLeft\": false, \"autoPlay\" : false}'>\n\n  <div class=\"col post-item\" >\n\t\t\t<div class=\"col-inner\">\n\t\t\t<a href=\"https:\/\/cbvgroup.net\/?p=1786\" class=\"plain\">\n\t\t\t\t<div class=\"box box-normal box-text-bottom box-blog-post has-hover\">\n            \t\t\t\t\t<div class=\"box-image\" >\n  \t\t\t\t\t\t<div class=\"image-cover\" style=\"padding-top:100%;\">\n  \t\t\t\t\t\t\t<img loading=\"lazy\" decoding=\"async\" width=\"860\" height=\"491\" src=\"https:\/\/cbvgroup.net\/wp-content\/uploads\/2023\/07\/so-hoa-la-xu-the-tat-yeu-cua-doanh-nghiep.jpg\" class=\"attachment-original size-original wp-post-image\" alt=\"\" srcset=\"https:\/\/cbvgroup.net\/wp-content\/uploads\/2023\/07\/so-hoa-la-xu-the-tat-yeu-cua-doanh-nghiep.jpg 860w, https:\/\/cbvgroup.net\/wp-content\/uploads\/2023\/07\/so-hoa-la-xu-the-tat-yeu-cua-doanh-nghiep-300x171.jpg 300w, https:\/\/cbvgroup.net\/wp-content\/uploads\/2023\/07\/so-hoa-la-xu-the-tat-yeu-cua-doanh-nghiep-768x438.jpg 768w, https:\/\/cbvgroup.net\/wp-content\/uploads\/2023\/07\/so-hoa-la-xu-the-tat-yeu-cua-doanh-nghiep-600x343.jpg 600w\" sizes=\"auto, (max-width: 860px) 100vw, 860px\" \/>  \t\t\t\t\t\t\t  \t\t\t\t\t\t\t  \t\t\t\t\t\t<\/div>\n  \t\t\t\t\t\t  \t\t\t\t\t<\/div>\n          \t\t\t\t\t<div class=\"box-text text-center\" >\n\t\t\t\t\t<div class=\"box-text-inner blog-post-inner\">\n\n\t\t\t\t\t\n\t\t\t\t\t\t\t\t\t\t<h5 class=\"post-title is-large \">S\u1ed1 h\u00f3a v\u00e0 chuy\u1ec3n \u0111\u1ed5i s\u1ed1 kh\u00e1c nhau nh\u01b0 th\u1ebf n\u00e0o?<\/h5>\n\t\t\t\t\t\t\t\t\t\t<div class=\"is-divider\"><\/div>\n\t\t\t\t\t\t\t\t\t\t<p class=\"from_the_blog_excerpt \">S\u1ed1 h\u00f3a v\u00e0 chuy\u1ec3n \u0111\u1ed5i s\u1ed1 l\u00e0 hai kh\u00e1i ni\u1ec7m r\u1ea5t d\u1ec5 b\u1ecb nh\u1ea7m l\u1eabn\t\t\t\t\t<\/p>\n\t\t\t\t\t                    \n\t\t\t\t\t\n\t\t\t\t\t\n\t\t\t\t\t<\/div>\n\t\t\t\t\t<\/div>\n\t\t\t\t\t\t\t\t\t<\/div>\n\t\t\t\t<\/a>\n\t\t\t<\/div>\n\t\t<\/div><div class=\"col post-item\" >\n\t\t\t<div class=\"col-inner\">\n\t\t\t<a href=\"https:\/\/cbvgroup.net\/?p=1783\" class=\"plain\">\n\t\t\t\t<div class=\"box box-normal box-text-bottom box-blog-post has-hover\">\n            \t\t\t\t\t<div class=\"box-image\" >\n  \t\t\t\t\t\t<div class=\"image-cover\" style=\"padding-top:100%;\">\n  \t\t\t\t\t\t\t<img loading=\"lazy\" decoding=\"async\" width=\"900\" height=\"603\" src=\"https:\/\/cbvgroup.net\/wp-content\/uploads\/2023\/07\/17-01-loi-ich-cua-so-hoa-he-thong.jpg\" class=\"attachment-original size-original wp-post-image\" alt=\"\" srcset=\"https:\/\/cbvgroup.net\/wp-content\/uploads\/2023\/07\/17-01-loi-ich-cua-so-hoa-he-thong.jpg 900w, https:\/\/cbvgroup.net\/wp-content\/uploads\/2023\/07\/17-01-loi-ich-cua-so-hoa-he-thong-300x201.jpg 300w, https:\/\/cbvgroup.net\/wp-content\/uploads\/2023\/07\/17-01-loi-ich-cua-so-hoa-he-thong-768x515.jpg 768w, https:\/\/cbvgroup.net\/wp-content\/uploads\/2023\/07\/17-01-loi-ich-cua-so-hoa-he-thong-600x402.jpg 600w\" sizes=\"auto, (max-width: 900px) 100vw, 900px\" \/>  \t\t\t\t\t\t\t  \t\t\t\t\t\t\t  \t\t\t\t\t\t<\/div>\n  \t\t\t\t\t\t  \t\t\t\t\t<\/div>\n          \t\t\t\t\t<div class=\"box-text text-center\" >\n\t\t\t\t\t<div class=\"box-text-inner blog-post-inner\">\n\n\t\t\t\t\t\n\t\t\t\t\t\t\t\t\t\t<h5 class=\"post-title is-large \">S\u1ed1 ho\u00e1 h\u1ec7 th\u1ed1ng cho doanh nghi\u1ec7p l\u00e0 g\u00ec? L\u1ee3i \u00edch to l\u1edbn v\u1edbi doanh nghi\u1ec7p<\/h5>\n\t\t\t\t\t\t\t\t\t\t<div class=\"is-divider\"><\/div>\n\t\t\t\t\t\t\t\t\t\t<p class=\"from_the_blog_excerpt \">Trong th\u1eddi \u0111\u1ea1i c\u00f4ng ngh\u1ec7 ph\u00e1t tri\u1ec3n hi\u1ec7n nay, s\u1ed1 ho\u00e1 h\u1ec7 th\u1ed1ng l\u00e0 m\u1ed9t\t\t\t\t\t<\/p>\n\t\t\t\t\t                    \n\t\t\t\t\t\n\t\t\t\t\t\n\t\t\t\t\t<\/div>\n\t\t\t\t\t<\/div>\n\t\t\t\t\t\t\t\t\t<\/div>\n\t\t\t\t<\/a>\n\t\t\t<\/div>\n\t\t<\/div><div class=\"col post-item\" >\n\t\t\t<div class=\"col-inner\">\n\t\t\t<a href=\"https:\/\/cbvgroup.net\/?p=1780\" class=\"plain\">\n\t\t\t\t<div class=\"box box-normal box-text-bottom box-blog-post has-hover\">\n            \t\t\t\t\t<div class=\"box-image\" >\n  \t\t\t\t\t\t<div class=\"image-cover\" style=\"padding-top:100%;\">\n  \t\t\t\t\t\t\t<img loading=\"lazy\" decoding=\"async\" width=\"800\" height=\"568\" src=\"https:\/\/cbvgroup.net\/wp-content\/uploads\/2023\/07\/so-hoa-doanh-nghiep-2.jpg\" class=\"attachment-original size-original wp-post-image\" alt=\"\" srcset=\"https:\/\/cbvgroup.net\/wp-content\/uploads\/2023\/07\/so-hoa-doanh-nghiep-2.jpg 800w, https:\/\/cbvgroup.net\/wp-content\/uploads\/2023\/07\/so-hoa-doanh-nghiep-2-300x213.jpg 300w, https:\/\/cbvgroup.net\/wp-content\/uploads\/2023\/07\/so-hoa-doanh-nghiep-2-768x545.jpg 768w, https:\/\/cbvgroup.net\/wp-content\/uploads\/2023\/07\/so-hoa-doanh-nghiep-2-600x426.jpg 600w\" sizes=\"auto, (max-width: 800px) 100vw, 800px\" \/>  \t\t\t\t\t\t\t  \t\t\t\t\t\t\t  \t\t\t\t\t\t<\/div>\n  \t\t\t\t\t\t  \t\t\t\t\t<\/div>\n          \t\t\t\t\t<div class=\"box-text text-center\" >\n\t\t\t\t\t<div class=\"box-text-inner blog-post-inner\">\n\n\t\t\t\t\t\n\t\t\t\t\t\t\t\t\t\t<h5 class=\"post-title is-large \">N\u1ec1n t\u1ea3ng s\u1ed1 l\u00e0 gi\u1ea3i ph\u00e1p \u0111\u1ed9t ph\u00e1 \u0111\u1ec3 th\u00fac \u0111\u1ea9y chuy\u1ec3n \u0111\u1ed5i s\u1ed1<\/h5>\n\t\t\t\t\t\t\t\t\t\t<div class=\"is-divider\"><\/div>\n\t\t\t\t\t\t\t\t\t\t<p class=\"from_the_blog_excerpt \">N\u1ebfu ph\u1ea3i m\u00f4 t\u1ea3 v\u1ec1 b\u1ea3n ch\u1ea5t c\u1ee7a chuy\u1ec3n \u0111\u1ed5i s\u1ed1 ch\u1ec9 b\u1eb1ng m\u1ed9t t\u1eeb,\t\t\t\t\t<\/p>\n\t\t\t\t\t                    \n\t\t\t\t\t\n\t\t\t\t\t\n\t\t\t\t\t<\/div>\n\t\t\t\t\t<\/div>\n\t\t\t\t\t\t\t\t\t<\/div>\n\t\t\t\t<\/a>\n\t\t\t<\/div>\n\t\t<\/div><div class=\"col post-item\" >\n\t\t\t<div class=\"col-inner\">\n\t\t\t<a href=\"https:\/\/cbvgroup.net\/?p=1776\" class=\"plain\">\n\t\t\t\t<div class=\"box box-normal box-text-bottom box-blog-post has-hover\">\n            \t\t\t\t\t<div class=\"box-image\" >\n  \t\t\t\t\t\t<div class=\"image-cover\" style=\"padding-top:100%;\">\n  \t\t\t\t\t\t\t<img loading=\"lazy\" decoding=\"async\" width=\"1024\" height=\"480\" src=\"https:\/\/cbvgroup.net\/wp-content\/uploads\/2023\/07\/so_hoa_ho_so.jpg\" class=\"attachment-original size-original wp-post-image\" alt=\"\" srcset=\"https:\/\/cbvgroup.net\/wp-content\/uploads\/2023\/07\/so_hoa_ho_so.jpg 1024w, https:\/\/cbvgroup.net\/wp-content\/uploads\/2023\/07\/so_hoa_ho_so-300x141.jpg 300w, https:\/\/cbvgroup.net\/wp-content\/uploads\/2023\/07\/so_hoa_ho_so-768x360.jpg 768w, https:\/\/cbvgroup.net\/wp-content\/uploads\/2023\/07\/so_hoa_ho_so-600x281.jpg 600w\" sizes=\"auto, (max-width: 1024px) 100vw, 1024px\" \/>  \t\t\t\t\t\t\t  \t\t\t\t\t\t\t  \t\t\t\t\t\t<\/div>\n  \t\t\t\t\t\t  \t\t\t\t\t<\/div>\n          \t\t\t\t\t<div class=\"box-text text-center\" >\n\t\t\t\t\t<div class=\"box-text-inner blog-post-inner\">\n\n\t\t\t\t\t\n\t\t\t\t\t\t\t\t\t\t<h5 class=\"post-title is-large \">N\u1ec1n t\u1ea3ng s\u1ed1 &#8211; gi\u1ea3i ph\u00e1p \u0111\u1ed9t ph\u00e1 \u0111\u1ec3 \u0111\u1ea9y nhanh qu\u00e1 tr\u00ecnh chuy\u1ec3n \u0111\u1ed5i s\u1ed1, ph\u00e1t tri\u1ec3n Ch\u00ednh ph\u1ee7 s\u1ed1, kinh t\u1ebf s\u1ed1 v\u00e0 x\u00e3 h\u1ed9i s\u1ed1<\/h5>\n\t\t\t\t\t\t\t\t\t\t<div class=\"is-divider\"><\/div>\n\t\t\t\t\t\t\t\t\t\t<p class=\"from_the_blog_excerpt \">V\u1eeba qua, B\u1ed9 tr\u01b0\u1edfng B\u1ed9 Th\u00f4ng tin v\u00e0 Truy\u1ec1n th\u00f4ng \u0111\u00e3 k\u00fd quy\u1ebft \u0111\u1ecbnh ph\u00ea\t\t\t\t\t<\/p>\n\t\t\t\t\t                    \n\t\t\t\t\t\n\t\t\t\t\t\n\t\t\t\t\t<\/div>\n\t\t\t\t\t<\/div>\n\t\t\t\t\t\t\t\t\t<\/div>\n\t\t\t\t<\/a>\n\t\t\t<\/div>\n\t\t<\/div><\/div>\n\t\t<\/div>\n\t\t\t\t\t<\/div>\n\n\t\n\n\t<div id=\"col-957182249\" class=\"col small-12 large-12\"  >\n\t\t\t\t<div class=\"col-inner\"  >\n\t\t\t\n\t\t\t\n\t<div id=\"text-1568928884\" class=\"text title_22\">\n\t\t\n<h2><a href=\"https:\/\/cbvgroup.net\/category\/giai-phap-toi-uu-doanh-nghiep\/giai-phap-tuyen-dung-nhan-tai\/\">GI\u1ea2I PH\u00c1P NH\u00c2N S\u1ef0<\/a><\/h2>\n\t\t\n<style>\n#text-1568928884 {\n  text-align: center;\n}\n<\/style>\n\t<\/div>\n\t\n\n  \n    <div class=\"row anh_dai_dien large-columns-4 medium-columns-1 small-columns-1 slider row-slider slider-nav-reveal slider-nav-push\"  data-flickity-options='{\"imagesLoaded\": true, \"groupCells\": \"100%\", \"dragThreshold\" : 5, \"cellAlign\": \"left\",\"wrapAround\": true,\"prevNextButtons\": true,\"percentPosition\": true,\"pageDots\": false, \"rightToLeft\": false, \"autoPlay\" : false}'>\n\n  <\/div>\n\t\t<\/div>\n\t\t\t\t\t<\/div>\n\n\t\n<\/div>\n\t\t<\/div>\n\n\t\t\n<style>\n#section_1200753414 {\n  padding-top: 30px;\n  padding-bottom: 30px;\n}\n#section_1200753414 .ux-shape-divider--top svg {\n  height: 150px;\n  --divider-top-width: 100%;\n}\n#section_1200753414 .ux-shape-divider--bottom svg {\n  height: 150px;\n  --divider-width: 100%;\n}\n<\/style>\n\t<\/section>\n\t\n","protected":false},"excerpt":{"rendered":"","protected":false},"author":1,"featured_media":0,"parent":0,"menu_order":0,"comment_status":"closed","ping_status":"closed","template":"page-blank.php","meta":{"footnotes":""},"class_list":["post-2217","page","type-page","status-publish","hentry"],"acf":[],"lang":"en","translations":{"en":2217},"pll_sync_post":[],"_links":{"self":[{"href":"https:\/\/cbvgroup.net\/index.php?rest_route=\/wp\/v2\/pages\/2217","targetHints":{"allow":["GET"]}}],"collection":[{"href":"https:\/\/cbvgroup.net\/index.php?rest_route=\/wp\/v2\/pages"}],"about":[{"href":"https:\/\/cbvgroup.net\/index.php?rest_route=\/wp\/v2\/types\/page"}],"author":[{"embeddable":true,"href":"https:\/\/cbvgroup.net\/index.php?rest_route=\/wp\/v2\/users\/1"}],"replies":[{"embeddable":true,"href":"https:\/\/cbvgroup.net\/index.php?rest_route=%2Fwp%2Fv2%2Fcomments&post=2217"}],"version-history":[{"count":1,"href":"https:\/\/cbvgroup.net\/index.php?rest_route=\/wp\/v2\/pages\/2217\/revisions"}],"predecessor-version":[{"id":2218,"href":"https:\/\/cbvgroup.net\/index.php?rest_route=\/wp\/v2\/pages\/2217\/revisions\/2218"}],"wp:attachment":[{"href":"https:\/\/cbvgroup.net\/index.php?rest_route=%2Fwp%2Fv2%2Fmedia&parent=2217"}],"curies":[{"name":"wp","href":"https:\/\/api.w.org\/{rel}","templated":true}]}}