{"id":2245,"date":"2023-06-13T06:12:08","date_gmt":"2023-06-13T06:12:08","guid":{"rendered":"https:\/\/giaiphaponline.vn\/cbvgroup\/?page_id=2245"},"modified":"2023-10-27T19:33:41","modified_gmt":"2023-10-27T19:33:41","slug":"tin-tuc-en","status":"publish","type":"page","link":"https:\/\/cbvgroup.net\/?page_id=2245&lang=en","title":{"rendered":"Tin t\u1ee9c en"},"content":{"rendered":"\t<div class=\"img has-hover x md-x lg-x y md-y lg-y\" id=\"image_95107655\">\n\t\t\t\t\t\t\t\t<div class=\"img-inner image-cover dark\" style=\"padding-top:327px;\">\n\t\t\t<img loading=\"lazy\" decoding=\"async\" width=\"2917\" height=\"1358\" src=\"https:\/\/cbvgroup.net\/wp-content\/uploads\/2023\/06\/hinh-26.png\" class=\"attachment-original size-original\" alt=\"\" srcset=\"https:\/\/cbvgroup.net\/wp-content\/uploads\/2023\/06\/hinh-26.png 2917w, https:\/\/cbvgroup.net\/wp-content\/uploads\/2023\/06\/hinh-26-600x279.png 600w, https:\/\/cbvgroup.net\/wp-content\/uploads\/2023\/06\/hinh-26-300x140.png 300w, https:\/\/cbvgroup.net\/wp-content\/uploads\/2023\/06\/hinh-26-1024x477.png 1024w, https:\/\/cbvgroup.net\/wp-content\/uploads\/2023\/06\/hinh-26-768x358.png 768w, https:\/\/cbvgroup.net\/wp-content\/uploads\/2023\/06\/hinh-26-1536x715.png 1536w, https:\/\/cbvgroup.net\/wp-content\/uploads\/2023\/06\/hinh-26-2048x953.png 2048w\" sizes=\"auto, (max-width: 2917px) 100vw, 2917px\" \/>\t\t\t\t\t\t\n\t\t\t\t\t<\/div>\n\t\t\t\t\t\t\t\t\n<style>\n#image_95107655 {\n  width: 100%;\n}\n<\/style>\n\t<\/div>\n\t\n\t<section class=\"section ss-page-tintuc\" id=\"section_2016288953\">\n\t\t<div class=\"bg section-bg fill bg-fill  bg-loaded\" >\n\n\t\t\t\n\t\t\t\n\t\t\t\n\n\t\t<\/div>\n\n\t\t\n\n\t\t<div class=\"section-content relative\">\n\t\t\t\n<div class=\"row\"  id=\"row-1019794354\">\n\n\t<div id=\"col-470966167\" class=\"col medium-9 small-12 large-9\"  >\n\t\t\t\t<div class=\"col-inner\"  >\n\t\t\t\n\t\t\t\n\t<div id=\"text-3583265656\" class=\"text title_18\">\n\t\t\n<h2>TIN T\u1ee8C N\u1ed4I B\u1eacT<\/h2>\n\t\t\n<style>\n#text-3583265656 {\n  text-align: center;\n  color: rgb(0, 0, 0);\n}\n#text-3583265656 > * {\n  color: rgb(0, 0, 0);\n}\n<\/style>\n\t<\/div>\n\t\n\t<div id=\"gap-1887138913\" class=\"gap-element clearfix\" style=\"display:block; height:auto;\">\n\t\t\n<style>\n#gap-1887138913 {\n  padding-top: 20px;\n}\n<\/style>\n\t<\/div>\n\t\n\n  \n    <div class=\"row TT_POST1 tt-page1 large-columns-1 medium-columns-1 small-columns-1\">\n  <\/div>\n\n  \n    <div class=\"row TT_POST2 tt-page1 large-columns-3 medium-columns-1 small-columns-1\">\n  <\/div>\n<div class=\"row boxx-dedrive\"  id=\"row-1218796693\">\n\n\t<div id=\"col-1680361786\" class=\"col pb-0 small-12 large-12\"  >\n\t\t\t\t<div class=\"col-inner\"  >\n\t\t\t\n\t\t\t\n<div class=\"text-right\"><div class=\"is-divider divider clearfix\" style=\"margin-top:8px;margin-bottom:8px;max-width:90%;background-color:rgb(30, 124, 62);\"><\/div><\/div>\n<div class=\"is-divider divider clearfix\" style=\"margin-top:8px;margin-bottom:8px;max-width:90%;background-color:rgb(30, 124, 62);\"><\/div>\n\t\t<\/div>\n\t\t\t\t\t<\/div>\n\n\t\n\n<style>\n#row-1218796693 > .col > .col-inner {\n  padding: 30px 0px 30px 0px;\n}\n<\/style>\n<\/div>\n<div class=\"container section-title-container title_tintuc\" ><h2 class=\"section-title section-title-center\"><b><\/b><span class=\"section-title-main\" style=\"color:rgb(0, 0, 0);\">NH\u00c2N S\u1ef0<\/span><b><\/b><a href=\"#\" target=\"\">Xem t\u1ea5t c\u1ea3<i class=\"icon-angle-right\" ><\/i><\/a><\/h2><\/div>\n\n  \n    <div class=\"row large-columns-3 medium-columns-1 small-columns-1\">\n  <\/div>\n<div class=\"row boxx-dedrive\"  id=\"row-1947231674\">\n\n\t<div id=\"col-712481431\" class=\"col pb-0 small-12 large-12\"  >\n\t\t\t\t<div class=\"col-inner\"  >\n\t\t\t\n\t\t\t\n<div class=\"text-right\"><div class=\"is-divider divider clearfix\" style=\"margin-top:8px;margin-bottom:8px;max-width:90%;background-color:rgb(30, 124, 62);\"><\/div><\/div>\n<div class=\"is-divider divider clearfix\" style=\"margin-top:8px;margin-bottom:8px;max-width:90%;background-color:rgb(30, 124, 62);\"><\/div>\n\t\t<\/div>\n\t\t\t\t\t<\/div>\n\n\t\n\n<style>\n#row-1947231674 > .col > .col-inner {\n  padding: 30px 0px 30px 0px;\n}\n<\/style>\n<\/div>\n<div class=\"container section-title-container title_tintuc\" ><h2 class=\"section-title section-title-center\"><b><\/b><span class=\"section-title-main\" style=\"color:rgb(0, 0, 0);\">L\u00c3NH \u0110\u1ea0O<\/span><b><\/b><a href=\"#\" target=\"\">Xem t\u1ea5t c\u1ea3<i class=\"icon-angle-right\" ><\/i><\/a><\/h2><\/div>\n\n  \n    <div class=\"row large-columns-3 medium-columns-1 small-columns-1\">\n  <\/div>\n<div class=\"row boxx-dedrive\"  id=\"row-325322913\">\n\n\t<div id=\"col-576202669\" class=\"col pb-0 small-12 large-12\"  >\n\t\t\t\t<div class=\"col-inner\"  >\n\t\t\t\n\t\t\t\n<div class=\"text-right\"><div class=\"is-divider divider clearfix\" style=\"margin-top:8px;margin-bottom:8px;max-width:90%;background-color:rgb(30, 124, 62);\"><\/div><\/div>\n<div class=\"is-divider divider clearfix\" style=\"margin-top:8px;margin-bottom:8px;max-width:90%;background-color:rgb(30, 124, 62);\"><\/div>\n\t\t<\/div>\n\t\t\t\t\t<\/div>\n\n\t\n\n<style>\n#row-325322913 > .col > .col-inner {\n  padding: 30px 0px 30px 0px;\n}\n<\/style>\n<\/div>\n<div class=\"container section-title-container title_tintuc\" ><h2 class=\"section-title section-title-center\"><b><\/b><span class=\"section-title-main\" style=\"color:rgb(0, 0, 0);\">S\u1ed0 H\u00d3A<\/span><b><\/b><a href=\"#\" target=\"\">Xem t\u1ea5t c\u1ea3<i class=\"icon-angle-right\" ><\/i><\/a><\/h2><\/div>\n\n  \n    <div class=\"row large-columns-3 medium-columns-1 small-columns-1\">\n  <div class=\"col post-item\" >\n\t\t\t<div class=\"col-inner\">\n\t\t\t<a href=\"https:\/\/cbvgroup.net\/?p=1786\" class=\"plain\">\n\t\t\t\t<div class=\"box box-normal box-text-bottom box-blog-post has-hover\">\n            \t\t\t\t\t<div class=\"box-image\" >\n  \t\t\t\t\t\t<div class=\"image-cover\" style=\"padding-top:100%;\">\n  \t\t\t\t\t\t\t<img loading=\"lazy\" decoding=\"async\" width=\"860\" height=\"491\" src=\"https:\/\/cbvgroup.net\/wp-content\/uploads\/2023\/07\/so-hoa-la-xu-the-tat-yeu-cua-doanh-nghiep.jpg\" class=\"attachment-original size-original wp-post-image\" alt=\"\" srcset=\"https:\/\/cbvgroup.net\/wp-content\/uploads\/2023\/07\/so-hoa-la-xu-the-tat-yeu-cua-doanh-nghiep.jpg 860w, https:\/\/cbvgroup.net\/wp-content\/uploads\/2023\/07\/so-hoa-la-xu-the-tat-yeu-cua-doanh-nghiep-300x171.jpg 300w, https:\/\/cbvgroup.net\/wp-content\/uploads\/2023\/07\/so-hoa-la-xu-the-tat-yeu-cua-doanh-nghiep-768x438.jpg 768w, https:\/\/cbvgroup.net\/wp-content\/uploads\/2023\/07\/so-hoa-la-xu-the-tat-yeu-cua-doanh-nghiep-600x343.jpg 600w\" sizes=\"auto, (max-width: 860px) 100vw, 860px\" \/>  \t\t\t\t\t\t\t  \t\t\t\t\t\t\t  \t\t\t\t\t\t<\/div>\n  \t\t\t\t\t\t  \t\t\t\t\t<\/div>\n          \t\t\t\t\t<div class=\"box-text text-left\" >\n\t\t\t\t\t<div class=\"box-text-inner blog-post-inner\">\n\n\t\t\t\t\t\n\t\t\t\t\t\t\t\t\t\t<h5 class=\"post-title is-large \">S\u1ed1 h\u00f3a v\u00e0 chuy\u1ec3n \u0111\u1ed5i s\u1ed1 kh\u00e1c nhau nh\u01b0 th\u1ebf n\u00e0o?<\/h5>\n\t\t\t\t\t\t\t\t\t\t<div class=\"is-divider\"><\/div>\n\t\t\t\t\t\t\t\t\t\t<p class=\"from_the_blog_excerpt \">S\u1ed1 h\u00f3a v\u00e0 chuy\u1ec3n \u0111\u1ed5i s\u1ed1 l\u00e0 hai kh\u00e1i ni\u1ec7m r\u1ea5t d\u1ec5 b\u1ecb nh\u1ea7m l\u1eabn\t\t\t\t\t<\/p>\n\t\t\t\t\t                    \n\t\t\t\t\t\n\t\t\t\t\t\n\t\t\t\t\t<\/div>\n\t\t\t\t\t<\/div>\n\t\t\t\t\t\t\t\t\t<\/div>\n\t\t\t\t<\/a>\n\t\t\t<\/div>\n\t\t<\/div><\/div>\n\n  \n    <div class=\"row large-columns-3 medium-columns-1 small-columns-1\">\n  <\/div>\n\t\t<\/div>\n\t\t\t\t\t<\/div>\n\n\t\n\n\t<div id=\"col-387716640\" class=\"col medium-3 small-12 large-3\"  >\n\t\t\t\t<div class=\"col-inner\"  >\n\t\t\t\n\t\t\t\n\t<div class=\"img has-hover x md-x lg-x y md-y lg-y\" id=\"image_189867955\">\n\t\t\t\t\t\t\t\t<div class=\"img-inner dark\" >\n\t\t\t<img loading=\"lazy\" decoding=\"async\" width=\"540\" height=\"899\" src=\"https:\/\/cbvgroup.net\/wp-content\/uploads\/2023\/06\/Asset-2@2x-1.png\" class=\"attachment-original size-original\" alt=\"\" srcset=\"https:\/\/cbvgroup.net\/wp-content\/uploads\/2023\/06\/Asset-2@2x-1.png 540w, https:\/\/cbvgroup.net\/wp-content\/uploads\/2023\/06\/Asset-2@2x-1-180x300.png 180w\" sizes=\"auto, (max-width: 540px) 100vw, 540px\" \/>\t\t\t\t\t\t\n\t\t\t\t\t<\/div>\n\t\t\t\t\t\t\t\t\n<style>\n#image_189867955 {\n  width: 100%;\n}\n<\/style>\n\t<\/div>\n\t\n<ul class=\"sidebar-wrapper ul-reset\"><aside id=\"media_video-2\" class=\"widget widget_media_video\"><span class=\"widget-title \"><span>VIDEO N\u1ed4I B\u1eacT<\/span><\/span><div class=\"is-divider small\"><\/div><div style=\"width:100%;\" class=\"wp-video\"><!--[if lt IE 9]><script>document.createElement('video');<\/script><![endif]-->\n<video class=\"wp-video-shortcode\" id=\"video-1786-1\" preload=\"metadata\" controls=\"controls\"><source type=\"video\/youtube\" src=\"https:\/\/www.youtube.com\/watch?v=aZ5EsdnpLMI&#038;_=1\" \/><a href=\"https:\/\/www.youtube.com\/watch?v=aZ5EsdnpLMI\">https:\/\/www.youtube.com\/watch?v=aZ5EsdnpLMI<\/a><\/video><\/div><\/aside>\n\t\t<aside id=\"recent-posts-2\" class=\"widget widget_recent_entries\">\n\t\t<span class=\"widget-title \"><span>B\u00c0I VI\u1ebeT G\u1ea6N NH\u1ea4T<\/span><\/span><div class=\"is-divider small\"><\/div>\n\t\t<ul>\n\t\t\t\t\t\t\t\t\t\t\t<li>\n\t\t\t\t\t<a href=\"https:\/\/cbvgroup.net\/?p=6044\">CH\u01af\u01a0NG TR\u00ccNH \u0110\u00c0O T\u1ea0O K\u1ef8 N\u0102NG &#8216;GI\u1ea2I QUY\u1ebeT V\u1ea4N \u0110\u1ec0&#8217; CHO \u0110\u1ed8I NG\u0168 NH\u00c2N S\u1ef0 T\u1ea0I NUTRECO\u00a0<\/a>\n\t\t\t\t\t\t\t\t\t<\/li>\n\t\t\t\t\t\t\t\t\t\t\t<li>\n\t\t\t\t\t<a href=\"https:\/\/cbvgroup.net\/?p=6018\">CH\u01af\u01a0NG TR\u00ccNH PH\u00c1T TRI\u1ec2N K\u1ef8 N\u0102NG &#8220;T\u01af DUY PH\u1ea2N BI\u1ec6N&#8221;<\/a>\n\t\t\t\t\t\t\t\t\t<\/li>\n\t\t\t\t\t\t\t\t\t\t\t<li>\n\t\t\t\t\t<a href=\"https:\/\/cbvgroup.net\/?p=6005\">\ud83d\udce2 [TH\u00d4NG B\u00c1O] C\u1eacP NH\u1eacT \u0110\u1ecaA CH\u1ec8 HO\u1ea0T \u0110\u1ed8NG CBV GROUP<\/a>\n\t\t\t\t\t\t\t\t\t<\/li>\n\t\t\t\t\t\t\t\t\t\t\t<li>\n\t\t\t\t\t<a href=\"https:\/\/cbvgroup.net\/?p=5915\">\ud83d\udd25DOANH NGHI\u1ec6P V\u1eacN H\u00c0NH TR\u01a0N TRU, NH\u01afNG \u0110\u1ed8NG L\u1ef0C \u0110\u00c3 CH\u1eacM L\u1ea0I???<\/a>\n\t\t\t\t\t\t\t\t\t<\/li>\n\t\t\t\t\t\t\t\t\t\t\t<li>\n\t\t\t\t\t<a href=\"https:\/\/cbvgroup.net\/?p=5884\">\ud83d\udca1H\u1ec6 TH\u1ed0NG \u0110ANG K\u1eb8T, DOANH NGHI\u1ec6P \u0110\u1eeaNG \u0110\u1ec2 M\u00ccNH B\u1eca K\u1eb8T THEO<\/a>\n\t\t\t\t\t\t\t\t\t<\/li>\n\t\t\t\t\t<\/ul>\n\n\t\t<\/aside><aside id=\"media_gallery-2\" class=\"widget widget_media_gallery\"><span class=\"widget-title \"><span>H\u00ccNH \u1ea2NH N\u1ed4I B\u1eacT<\/span><\/span><div class=\"is-divider small\"><\/div><div id='gallery-1' class='gallery galleryid-1786 gallery-columns-3 gallery-size-thumbnail'><figure class='gallery-item'>\n\t\t\t<div class='gallery-icon landscape'>\n\t\t\t\t<a href='https:\/\/cbvgroup.net\/?attachment_id=3437'><img loading=\"lazy\" decoding=\"async\" width=\"150\" height=\"150\" src=\"https:\/\/cbvgroup.net\/wp-content\/uploads\/2024\/06\/Tavico-01-1-150x150.jpg\" class=\"attachment-thumbnail size-thumbnail\" alt=\"\" srcset=\"https:\/\/cbvgroup.net\/wp-content\/uploads\/2024\/06\/Tavico-01-1-150x150.jpg 150w, https:\/\/cbvgroup.net\/wp-content\/uploads\/2024\/06\/Tavico-01-1-300x300.jpg 300w, https:\/\/cbvgroup.net\/wp-content\/uploads\/2024\/06\/Tavico-01-1-100x100.jpg 100w\" sizes=\"auto, (max-width: 150px) 100vw, 150px\" \/><\/a>\n\t\t\t<\/div><\/figure><figure class='gallery-item'>\n\t\t\t<div class='gallery-icon landscape'>\n\t\t\t\t<a href='https:\/\/cbvgroup.net\/?attachment_id=3436#main'><img loading=\"lazy\" decoding=\"async\" width=\"150\" height=\"150\" src=\"https:\/\/cbvgroup.net\/wp-content\/uploads\/2024\/06\/Hoa-Sen-02-1-150x150.jpg\" class=\"attachment-thumbnail size-thumbnail\" alt=\"\" srcset=\"https:\/\/cbvgroup.net\/wp-content\/uploads\/2024\/06\/Hoa-Sen-02-1-150x150.jpg 150w, https:\/\/cbvgroup.net\/wp-content\/uploads\/2024\/06\/Hoa-Sen-02-1-300x300.jpg 300w, https:\/\/cbvgroup.net\/wp-content\/uploads\/2024\/06\/Hoa-Sen-02-1-100x100.jpg 100w\" sizes=\"auto, (max-width: 150px) 100vw, 150px\" \/><\/a>\n\t\t\t<\/div><\/figure><figure class='gallery-item'>\n\t\t\t<div class='gallery-icon landscape'>\n\t\t\t\t<a href='https:\/\/cbvgroup.net\/?attachment_id=3435#main'><img loading=\"lazy\" decoding=\"async\" width=\"150\" height=\"150\" src=\"https:\/\/cbvgroup.net\/wp-content\/uploads\/2024\/06\/Hoa-Sen-01-1-150x150.jpg\" class=\"attachment-thumbnail size-thumbnail\" alt=\"\" srcset=\"https:\/\/cbvgroup.net\/wp-content\/uploads\/2024\/06\/Hoa-Sen-01-1-150x150.jpg 150w, https:\/\/cbvgroup.net\/wp-content\/uploads\/2024\/06\/Hoa-Sen-01-1-300x300.jpg 300w, https:\/\/cbvgroup.net\/wp-content\/uploads\/2024\/06\/Hoa-Sen-01-1-100x100.jpg 100w\" sizes=\"auto, (max-width: 150px) 100vw, 150px\" \/><\/a>\n\t\t\t<\/div><\/figure><figure class='gallery-item'>\n\t\t\t<div class='gallery-icon landscape'>\n\t\t\t\t<a href='https:\/\/cbvgroup.net\/?attachment_id=3434#main'><img loading=\"lazy\" decoding=\"async\" width=\"150\" height=\"150\" src=\"https:\/\/cbvgroup.net\/wp-content\/uploads\/2024\/06\/Contagi-02-150x150.jpg\" class=\"attachment-thumbnail size-thumbnail\" alt=\"\" srcset=\"https:\/\/cbvgroup.net\/wp-content\/uploads\/2024\/06\/Contagi-02-150x150.jpg 150w, https:\/\/cbvgroup.net\/wp-content\/uploads\/2024\/06\/Contagi-02-300x300.jpg 300w, https:\/\/cbvgroup.net\/wp-content\/uploads\/2024\/06\/Contagi-02-100x100.jpg 100w\" sizes=\"auto, (max-width: 150px) 100vw, 150px\" \/><\/a>\n\t\t\t<\/div><\/figure><figure class='gallery-item'>\n\t\t\t<div class='gallery-icon landscape'>\n\t\t\t\t<a href='https:\/\/cbvgroup.net\/?attachment_id=3433#main'><img loading=\"lazy\" decoding=\"async\" width=\"150\" height=\"150\" src=\"https:\/\/cbvgroup.net\/wp-content\/uploads\/2024\/06\/Contagi-01-150x150.jpg\" class=\"attachment-thumbnail size-thumbnail\" alt=\"\" srcset=\"https:\/\/cbvgroup.net\/wp-content\/uploads\/2024\/06\/Contagi-01-150x150.jpg 150w, https:\/\/cbvgroup.net\/wp-content\/uploads\/2024\/06\/Contagi-01-300x300.jpg 300w, https:\/\/cbvgroup.net\/wp-content\/uploads\/2024\/06\/Contagi-01-100x100.jpg 100w\" sizes=\"auto, (max-width: 150px) 100vw, 150px\" \/><\/a>\n\t\t\t<\/div><\/figure><figure class='gallery-item'>\n\t\t\t<div class='gallery-icon landscape'>\n\t\t\t\t<a href='https:\/\/cbvgroup.net\/?attachment_id=3310'><img loading=\"lazy\" decoding=\"async\" width=\"150\" height=\"150\" src=\"https:\/\/cbvgroup.net\/wp-content\/uploads\/2024\/06\/Tam07-150x150.jpg\" class=\"attachment-thumbnail size-thumbnail\" alt=\"\" srcset=\"https:\/\/cbvgroup.net\/wp-content\/uploads\/2024\/06\/Tam07-150x150.jpg 150w, https:\/\/cbvgroup.net\/wp-content\/uploads\/2024\/06\/Tam07-300x300.jpg 300w, https:\/\/cbvgroup.net\/wp-content\/uploads\/2024\/06\/Tam07-100x100.jpg 100w\" sizes=\"auto, (max-width: 150px) 100vw, 150px\" \/><\/a>\n\t\t\t<\/div><\/figure><figure class='gallery-item'>\n\t\t\t<div class='gallery-icon landscape'>\n\t\t\t\t<a href='https:\/\/cbvgroup.net\/?attachment_id=3307'><img loading=\"lazy\" decoding=\"async\" width=\"150\" height=\"150\" src=\"https:\/\/cbvgroup.net\/wp-content\/uploads\/2024\/06\/Tam04-150x150.jpg\" class=\"attachment-thumbnail size-thumbnail\" alt=\"\" srcset=\"https:\/\/cbvgroup.net\/wp-content\/uploads\/2024\/06\/Tam04-150x150.jpg 150w, https:\/\/cbvgroup.net\/wp-content\/uploads\/2024\/06\/Tam04-300x300.jpg 300w, https:\/\/cbvgroup.net\/wp-content\/uploads\/2024\/06\/Tam04-100x100.jpg 100w\" sizes=\"auto, (max-width: 150px) 100vw, 150px\" \/><\/a>\n\t\t\t<\/div><\/figure><figure class='gallery-item'>\n\t\t\t<div class='gallery-icon landscape'>\n\t\t\t\t<a href='https:\/\/cbvgroup.net\/?attachment_id=3308'><img loading=\"lazy\" decoding=\"async\" width=\"150\" height=\"150\" src=\"https:\/\/cbvgroup.net\/wp-content\/uploads\/2024\/06\/Tam05-150x150.jpg\" class=\"attachment-thumbnail size-thumbnail\" alt=\"\" srcset=\"https:\/\/cbvgroup.net\/wp-content\/uploads\/2024\/06\/Tam05-150x150.jpg 150w, https:\/\/cbvgroup.net\/wp-content\/uploads\/2024\/06\/Tam05-300x300.jpg 300w, https:\/\/cbvgroup.net\/wp-content\/uploads\/2024\/06\/Tam05-100x100.jpg 100w\" sizes=\"auto, (max-width: 150px) 100vw, 150px\" \/><\/a>\n\t\t\t<\/div><\/figure><figure class='gallery-item'>\n\t\t\t<div class='gallery-icon landscape'>\n\t\t\t\t<a href='https:\/\/cbvgroup.net\/?attachment_id=3305'><img loading=\"lazy\" decoding=\"async\" width=\"150\" height=\"150\" src=\"https:\/\/cbvgroup.net\/wp-content\/uploads\/2024\/06\/Hung08-150x150.jpg\" class=\"attachment-thumbnail size-thumbnail\" alt=\"\" srcset=\"https:\/\/cbvgroup.net\/wp-content\/uploads\/2024\/06\/Hung08-150x150.jpg 150w, https:\/\/cbvgroup.net\/wp-content\/uploads\/2024\/06\/Hung08-300x300.jpg 300w, https:\/\/cbvgroup.net\/wp-content\/uploads\/2024\/06\/Hung08-100x100.jpg 100w\" sizes=\"auto, (max-width: 150px) 100vw, 150px\" \/><\/a>\n\t\t\t<\/div><\/figure><figure class='gallery-item'>\n\t\t\t<div class='gallery-icon landscape'>\n\t\t\t\t<a href='https:\/\/cbvgroup.net\/?attachment_id=3304'><img loading=\"lazy\" decoding=\"async\" width=\"150\" height=\"150\" src=\"https:\/\/cbvgroup.net\/wp-content\/uploads\/2024\/06\/Hung07-150x150.jpg\" class=\"attachment-thumbnail size-thumbnail\" alt=\"\" srcset=\"https:\/\/cbvgroup.net\/wp-content\/uploads\/2024\/06\/Hung07-150x150.jpg 150w, https:\/\/cbvgroup.net\/wp-content\/uploads\/2024\/06\/Hung07-300x300.jpg 300w, https:\/\/cbvgroup.net\/wp-content\/uploads\/2024\/06\/Hung07-100x100.jpg 100w\" sizes=\"auto, (max-width: 150px) 100vw, 150px\" \/><\/a>\n\t\t\t<\/div><\/figure><figure class='gallery-item'>\n\t\t\t<div class='gallery-icon landscape'>\n\t\t\t\t<a href='https:\/\/cbvgroup.net\/?attachment_id=2987'><img loading=\"lazy\" decoding=\"async\" width=\"150\" height=\"150\" src=\"https:\/\/cbvgroup.net\/wp-content\/uploads\/2024\/01\/VNHR_02-150x150.jpg\" class=\"attachment-thumbnail size-thumbnail\" alt=\"\" srcset=\"https:\/\/cbvgroup.net\/wp-content\/uploads\/2024\/01\/VNHR_02-150x150.jpg 150w, https:\/\/cbvgroup.net\/wp-content\/uploads\/2024\/01\/VNHR_02-300x300.jpg 300w, https:\/\/cbvgroup.net\/wp-content\/uploads\/2024\/01\/VNHR_02-100x100.jpg 100w\" sizes=\"auto, (max-width: 150px) 100vw, 150px\" \/><\/a>\n\t\t\t<\/div><\/figure><figure class='gallery-item'>\n\t\t\t<div class='gallery-icon landscape'>\n\t\t\t\t<a href='https:\/\/cbvgroup.net\/?attachment_id=2980'><img loading=\"lazy\" decoding=\"async\" width=\"150\" height=\"150\" src=\"https:\/\/cbvgroup.net\/wp-content\/uploads\/2024\/01\/MAP_02-150x150.jpg\" class=\"attachment-thumbnail size-thumbnail\" alt=\"\" srcset=\"https:\/\/cbvgroup.net\/wp-content\/uploads\/2024\/01\/MAP_02-150x150.jpg 150w, https:\/\/cbvgroup.net\/wp-content\/uploads\/2024\/01\/MAP_02-300x300.jpg 300w, https:\/\/cbvgroup.net\/wp-content\/uploads\/2024\/01\/MAP_02-100x100.jpg 100w\" sizes=\"auto, (max-width: 150px) 100vw, 150px\" \/><\/a>\n\t\t\t<\/div><\/figure>\n\t\t<\/div>\n<\/aside><aside id=\"calendar-2\" class=\"widget widget_calendar\"><div id=\"calendar_wrap\" class=\"calendar_wrap\"><table id=\"wp-calendar\" class=\"wp-calendar-table\">\n\t<caption>Th\u00e1ng 4 2026<\/caption>\n\t<thead>\n\t<tr>\n\t\t<th scope=\"col\" aria-label=\"Th\u1ee9 Hai\">H<\/th>\n\t\t<th scope=\"col\" aria-label=\"Th\u1ee9 Ba\">B<\/th>\n\t\t<th scope=\"col\" aria-label=\"Th\u1ee9 T\u01b0\">T<\/th>\n\t\t<th scope=\"col\" aria-label=\"Th\u1ee9 N\u0103m\">N<\/th>\n\t\t<th scope=\"col\" aria-label=\"Th\u1ee9 S\u00e1u\">S<\/th>\n\t\t<th scope=\"col\" aria-label=\"Th\u1ee9 B\u1ea3y\">B<\/th>\n\t\t<th scope=\"col\" aria-label=\"Ch\u1ee7 Nh\u1eadt\">C<\/th>\n\t<\/tr>\n\t<\/thead>\n\t<tbody>\n\t<tr>\n\t\t<td colspan=\"2\" class=\"pad\">&nbsp;<\/td><td>1<\/td><td>2<\/td><td>3<\/td><td>4<\/td><td>5<\/td>\n\t<\/tr>\n\t<tr>\n\t\t<td>6<\/td><td>7<\/td><td>8<\/td><td>9<\/td><td>10<\/td><td>11<\/td><td>12<\/td>\n\t<\/tr>\n\t<tr>\n\t\t<td>13<\/td><td>14<\/td><td>15<\/td><td>16<\/td><td>17<\/td><td>18<\/td><td>19<\/td>\n\t<\/tr>\n\t<tr>\n\t\t<td>20<\/td><td>21<\/td><td>22<\/td><td>23<\/td><td>24<\/td><td>25<\/td><td>26<\/td>\n\t<\/tr>\n\t<tr>\n\t\t<td>27<\/td><td>28<\/td><td id=\"today\">29<\/td><td>30<\/td>\n\t\t<td class=\"pad\" colspan=\"3\">&nbsp;<\/td>\n\t<\/tr>\n\t<\/tbody>\n\t<\/table><nav aria-label=\"Th\u00e1ng tr\u01b0\u1edbc v\u00e0 th\u00e1ng t\u1edbi\" class=\"wp-calendar-nav\">\n\t\t<span class=\"wp-calendar-nav-prev\"><a href=\"https:\/\/cbvgroup.net\/?m=202508\">&laquo; Th8<\/a><\/span>\n\t\t<span class=\"pad\">&nbsp;<\/span>\n\t\t<span class=\"wp-calendar-nav-next\">&nbsp;<\/span>\n\t<\/nav><\/div><\/aside><\/ul>\n\t\t<\/div>\n\t\t\t\t\t<\/div>\n\n\t\n<\/div>\n\t\t<\/div>\n\n\t\t\n<style>\n#section_2016288953 {\n  padding-top: 30px;\n  padding-bottom: 30px;\n}\n#section_2016288953 .ux-shape-divider--top svg {\n  height: 150px;\n  --divider-top-width: 100%;\n}\n#section_2016288953 .ux-shape-divider--bottom svg {\n  height: 150px;\n  --divider-width: 100%;\n}\n<\/style>\n\t<\/section>\n\t\n","protected":false},"excerpt":{"rendered":"","protected":false},"author":1,"featured_media":0,"parent":0,"menu_order":0,"comment_status":"closed","ping_status":"closed","template":"page-blank.php","meta":{"footnotes":""},"class_list":["post-2245","page","type-page","status-publish","hentry"],"acf":[],"lang":"en","translations":{"en":2245,"vi":378},"pll_sync_post":[],"_links":{"self":[{"href":"https:\/\/cbvgroup.net\/index.php?rest_route=\/wp\/v2\/pages\/2245","targetHints":{"allow":["GET"]}}],"collection":[{"href":"https:\/\/cbvgroup.net\/index.php?rest_route=\/wp\/v2\/pages"}],"about":[{"href":"https:\/\/cbvgroup.net\/index.php?rest_route=\/wp\/v2\/types\/page"}],"author":[{"embeddable":true,"href":"https:\/\/cbvgroup.net\/index.php?rest_route=\/wp\/v2\/users\/1"}],"replies":[{"embeddable":true,"href":"https:\/\/cbvgroup.net\/index.php?rest_route=%2Fwp%2Fv2%2Fcomments&post=2245"}],"version-history":[{"count":1,"href":"https:\/\/cbvgroup.net\/index.php?rest_route=\/wp\/v2\/pages\/2245\/revisions"}],"predecessor-version":[{"id":2246,"href":"https:\/\/cbvgroup.net\/index.php?rest_route=\/wp\/v2\/pages\/2245\/revisions\/2246"}],"wp:attachment":[{"href":"https:\/\/cbvgroup.net\/index.php?rest_route=%2Fwp%2Fv2%2Fmedia&parent=2245"}],"curies":[{"name":"wp","href":"https:\/\/api.w.org\/{rel}","templated":true}]}}