{"id":2261,"date":"2023-11-17T08:10:41","date_gmt":"2023-11-17T08:10:41","guid":{"rendered":"https:\/\/giaiphaponline.vn\/cbvgroup\/?page_id=2261"},"modified":"2023-10-27T19:38:03","modified_gmt":"2023-10-27T19:38:03","slug":"loai-hinh-tu-van-chien-luoc-en","status":"publish","type":"page","link":"https:\/\/cbvgroup.net\/?page_id=2261&lang=en","title":{"rendered":"Loa\u0323i hi\u0300nh t\u01b0 v\u1ea5n chi\u00ea\u0301n l\u01b0\u01a1\u0323c en"},"content":{"rendered":"\t<section class=\"section\" id=\"section_2073457347\">\n\t\t<div class=\"bg section-bg fill bg-fill  bg-loaded\" >\n\n\t\t\t\n\t\t\t<div class=\"section-bg-overlay absolute fill\"><\/div>\n\t\t\t\n\n\t\t<\/div>\n\n\t\t\n\n\t\t<div class=\"section-content relative\">\n\t\t\t\n<div class=\"row row-large align-middle\"  id=\"row-354200192\">\n\n\t<div id=\"col-1892361803\" class=\"col medium-6 small-12 large-6\"  >\n\t\t\t\t<div class=\"col-inner\"  >\n\t\t\t\n\t\t\t\n\t<div class=\"img has-hover x md-x lg-x y md-y lg-y\" id=\"image_262772346\">\n\t\t\t\t\t\t\t\t<div class=\"img-inner dark\" style=\"margin:10px 0px 0px 0px;\">\n\t\t\t<img loading=\"lazy\" decoding=\"async\" width=\"1020\" height=\"1008\" src=\"https:\/\/cbvgroup.net\/wp-content\/uploads\/2023\/07\/gt-e1688766459181-1024x1012.png\" class=\"attachment-large size-large\" alt=\"\" srcset=\"https:\/\/cbvgroup.net\/wp-content\/uploads\/2023\/07\/gt-e1688766459181-1024x1012.png 1024w, https:\/\/cbvgroup.net\/wp-content\/uploads\/2023\/07\/gt-e1688766459181-300x297.png 300w, https:\/\/cbvgroup.net\/wp-content\/uploads\/2023\/07\/gt-e1688766459181-768x759.png 768w, https:\/\/cbvgroup.net\/wp-content\/uploads\/2023\/07\/gt-e1688766459181-600x593.png 600w, https:\/\/cbvgroup.net\/wp-content\/uploads\/2023\/07\/gt-e1688766459181-100x100.png 100w, https:\/\/cbvgroup.net\/wp-content\/uploads\/2023\/07\/gt-e1688766459181.png 1032w\" sizes=\"auto, (max-width: 1020px) 100vw, 1020px\" \/>\t\t\t\t\t\t\n\t\t\t\t\t<\/div>\n\t\t\t\t\t\t\t\t\n<style>\n#image_262772346 {\n  width: 100%;\n}\n<\/style>\n\t<\/div>\n\t\n\t\t<\/div>\n\t\t\t\t\n<style>\n#col-1892361803 > .col-inner {\n  padding: 10px 10px 10px 10px;\n  margin: 0px 0px 0px 0px;\n}\n<\/style>\n\t<\/div>\n\n\t\n\n\t<div id=\"col-114578766\" class=\"col medium-6 small-12 large-6\"  >\n\t\t\t\t<div class=\"col-inner text-left\"  >\n\t\t\t\n\t\t\t\n\t<div id=\"text-2944657559\" class=\"text title_22\">\n\t\t\n<h1 class=\"entry-title\">C\u00e1c lo\u1ea1i h\u00ecnh chi\u1ebfn l\u01b0\u1ee3c kinh doanh<\/h1>\n\t\t\n<style>\n#text-2944657559 {\n  color: rgb(0, 0, 0);\n}\n#text-2944657559 > * {\n  color: rgb(0, 0, 0);\n}\n<\/style>\n\t<\/div>\n\t\n<p>Gi\u00fap doanh nghi\u1ec7p x\u00e2y d\u1ef1ng <strong>chi\u1ebfn l\u01b0\u1ee3c<\/strong>\u00a0ph\u00e1t tri\u1ec3n,\u00a0<strong>chi\u1ebfn l\u01b0\u1ee3c<\/strong> kinh doanh, tri\u1ec3n khai chi\u1ebfn l\u01b0\u1ee3c theo ph\u01b0\u01a1ng ph\u00e1p b\u1ea3ng \u0111i\u1ec3m c\u00e2n b\u1eb1ng (Balanced Scorecard \u2013 BSC) v\u00e0 x\u00e2y d\u1ef1ng k\u1ebf ho\u1ea1ch kinh doanh \u2013 k\u1ebft n\u1ed1i k\u1ebf ho\u1ea1ch kinh doanh v\u1edbi <strong>chi\u1ebfn l\u01b0\u1ee3c<\/strong>\u00a0ph\u00e1t tri\u1ec3n v\u00e0 h\u1ec7 th\u1ed1ng m\u1ee5c ti\u00eau\u00a0<strong>chi\u1ebfn l\u01b0\u1ee3c\u00a0<\/strong>c\u1ee7a doanh nghi\u1ec7p.<\/p>\n<h4><span id=\"Dich_vu_Tu_van_Chien_luoc_bao_gom\"><strong>D\u1ecbch v\u1ee5 t\u01b0 v\u1ea5n chi\u1ebfn l\u01b0\u1ee3c bao g\u1ed3m<\/strong><\/span><\/h4>\n<p>Ph\u00e2n t\u00edch v\u00e0 l\u1eadp b\u00e1o c\u00e1o chi\u1ebfn l\u01b0\u1ee3c<br \/>\nX\u00e2y d\u1ef1ng\u00a0chi\u1ebfn l\u01b0\u1ee3c\u00a0ph\u00e1t tri\u1ec3n doanh nghi\u1ec7p \/\u00a0Chi\u1ebfn l\u01b0\u1ee3c\u00a0kinh doanh<br \/>\nTri\u1ec3n khai th\u1ef1c hi\u1ec7n\u00a0chi\u1ebfn l\u01b0\u1ee3c\u00a0theo ph\u01b0\u01a1ng ph\u00e1p b\u1ea3ng \u0111i\u1ec3m c\u00e2n b\u1eb1ng (Balanced Scorecard \u2013 BSC)<br \/>\nX\u00e2y d\u1ef1ng k\u1ebf ho\u1ea1ch kinh doanh<br \/>\nH\u1ed7 tr\u1ee3 tri\u1ec3n khai\u00a0chi\u1ebfn l\u01b0\u1ee3c<\/p>\n<a href=\"https:\/\/cbvgroup.net\/1640-2\/\" target=\"_self\" class=\"button primary gadi-xanh\"  >\n    <span>Xem th\u00eam<\/span>\n  <\/a>\n\n\t\t<\/div>\n\t\t\t\t\t<\/div>\n\n\t\n<\/div>\n\t\t<\/div>\n\n\t\t\n<style>\n#section_2073457347 {\n  padding-top: 60px;\n  padding-bottom: 60px;\n  background-color: rgb(193, 193, 193);\n}\n#section_2073457347 .section-bg-overlay {\n  background-color: rgba(255, 255, 255, 0.85);\n}\n#section_2073457347 .ux-shape-divider--top svg {\n  height: 150px;\n  --divider-top-width: 100%;\n}\n#section_2073457347 .ux-shape-divider--bottom svg {\n  height: 150px;\n  --divider-width: 100%;\n}\n<\/style>\n\t<\/section>\n\t\n\t<section class=\"section pb-0\" id=\"section_832689575\">\n\t\t<div class=\"bg section-bg fill bg-fill  bg-loaded\" >\n\n\t\t\t\n\t\t\t\n\t\t\t\n\n\t\t<\/div>\n\n\t\t\n\n\t\t<div class=\"section-content relative\">\n\t\t\t\n<div class=\"row\"  id=\"row-1455804704\">\n\n\t<div id=\"col-1162166213\" class=\"col pb-0 small-12 large-12\"  >\n\t\t\t\t<div class=\"col-inner\"  >\n\t\t\t\n\t\t\t\n\t<div id=\"text-2824955567\" class=\"text title_22\">\n\t\t\n<h2>C\u00c1C LO\u1ea0I H\u00ccNH<\/h2>\n\t\t\n<style>\n#text-2824955567 {\n  text-align: center;\n  color: rgb(0, 0, 0);\n}\n#text-2824955567 > * {\n  color: rgb(0, 0, 0);\n}\n<\/style>\n\t<\/div>\n\t\n\t<div id=\"gap-1738046228\" class=\"gap-element clearfix\" style=\"display:block; height:auto;\">\n\t\t\n<style>\n#gap-1738046228 {\n  padding-top: 20px;\n}\n<\/style>\n\t<\/div>\n\t\n<div class=\"row row-dashed image-slider\"  id=\"row-1785951605\">\n\n\t<div id=\"col-208292157\" class=\"col medium-3 small-12 large-3\"  >\n\t\t\t\t<div class=\"col-inner\"  >\n\t\t\t\n\t\t\t\n\t<div class=\"box has-hover   has-hover box-text-bottom\" >\n\n\t\t<div class=\"box-image\" >\n\t\t\t\t\t\t<div class=\"image-cover\" style=\"padding-top:100%;\">\n\t\t\t\t<img loading=\"lazy\" decoding=\"async\" width=\"551\" height=\"330\" src=\"https:\/\/cbvgroup.net\/wp-content\/uploads\/2023\/07\/toc-do-tang-tuong-kinh-te-la-gi-vi-du-ve-toc-do-tang-truong-kinh-te.png\" class=\"attachment- size-\" alt=\"\" srcset=\"https:\/\/cbvgroup.net\/wp-content\/uploads\/2023\/07\/toc-do-tang-tuong-kinh-te-la-gi-vi-du-ve-toc-do-tang-truong-kinh-te.png 551w, https:\/\/cbvgroup.net\/wp-content\/uploads\/2023\/07\/toc-do-tang-tuong-kinh-te-la-gi-vi-du-ve-toc-do-tang-truong-kinh-te-300x180.png 300w\" sizes=\"auto, (max-width: 551px) 100vw, 551px\" \/>\t\t\t\t\t\t\t\t\t\t\t<\/div>\n\t\t\t\t\t<\/div>\n\n\t\t<div class=\"box-text text-center\" >\n\t\t\t<div class=\"box-text-inner\">\n\t\t\t\t\n\t<div id=\"text-4052376395\" class=\"text\">\n\t\t\n<h4><strong>CHI\u1ebeN L\u01af\u1ee2C T\u0102NG TR\u01af\u1edeNG T\u1eacP TRUNG<\/strong><\/h4>\n<p>L\u00e0 chi\u1ebfn l\u01b0\u1ee3c t\u1eadp trung m\u1ecdi n\u1ed5 l\u1ef1c v\u00e0 c\u01a1 h\u1ed9i \u0111\u1ec3 ph\u00e1t tri\u1ec3n c\u00e1c s\u1ea3n ph\u1ea9m hi\u1ec7n c\u00f3 tr\u00ean nh\u1eefng th\u1ecb tr\u01b0\u1eddng hi\u1ec7n c\u00f3 b\u1eb1ng c\u00e1ch t\u0103ng c\u01b0\u1eddng chuy\u00ean m\u00f4n ho\u00e1, ph\u00e1t tri\u1ec3n th\u1ecb ph\u1ea7n v\u00e0 gia t\u0103ng doanh s\u1ed1, l\u1ee3i nhu\u1eadn.<\/p>\n\t\t\n<style>\n#text-4052376395 {\n  text-align: center;\n}\n<\/style>\n\t<\/div>\n\t\n\t\t\t<\/div>\n\t\t<\/div>\n\t<\/div>\n\t\n\t\t<\/div>\n\t\t\t\t\t<\/div>\n\n\t\n\n\t<div id=\"col-1980914694\" class=\"col medium-3 small-12 large-3\"  >\n\t\t\t\t<div class=\"col-inner\"  >\n\t\t\t\n\t\t\t\n\t<div class=\"box has-hover   has-hover box-text-bottom\" >\n\n\t\t<div class=\"box-image\" >\n\t\t\t\t\t\t<div class=\"image-cover\" style=\"padding-top:100%;\">\n\t\t\t\t<img loading=\"lazy\" decoding=\"async\" width=\"432\" height=\"326\" src=\"https:\/\/cbvgroup.net\/wp-content\/uploads\/2023\/07\/hoinhap.jpg\" class=\"attachment- size-\" alt=\"\" srcset=\"https:\/\/cbvgroup.net\/wp-content\/uploads\/2023\/07\/hoinhap.jpg 432w, https:\/\/cbvgroup.net\/wp-content\/uploads\/2023\/07\/hoinhap-300x226.jpg 300w\" sizes=\"auto, (max-width: 432px) 100vw, 432px\" \/>\t\t\t\t\t\t\t\t\t\t\t<\/div>\n\t\t\t\t\t<\/div>\n\n\t\t<div class=\"box-text text-center\" >\n\t\t\t<div class=\"box-text-inner\">\n\t\t\t\t\n\t<div id=\"text-495977733\" class=\"text\">\n\t\t\n<h4><strong>CHI\u1ebeN L\u01af\u1ee2C PH\u00c1T TRI\u1ec2N H\u1ed8I NH\u1eacP<\/strong><\/h4>\n<p>L\u00e0 chi\u1ebfn l\u01b0\u1ee3c ph\u00e1t tri\u1ec3n doanh nghi\u1ec7p tr\u00ean c\u01a1 s\u1edf thi\u1ebft l\u1eadp v\u00e0 m\u1edf r\u1ed9ng m\u1ed1i quan h\u1ec7 li\u00ean k\u1ebft v\u1edbi c\u00e1c trung gian v\u00e0 \u0111\u1ed1i th\u1ee7 c\u1ea1nh tranh trong m\u1ed9t s\u1ed1 l\u0129nh v\u1ef1c nh\u1ea5t \u0111\u1ecbnh.<\/p>\n\t\t\n<style>\n#text-495977733 {\n  text-align: center;\n}\n<\/style>\n\t<\/div>\n\t\n\t\t\t<\/div>\n\t\t<\/div>\n\t<\/div>\n\t\n\t\t<\/div>\n\t\t\t\t\t<\/div>\n\n\t\n\n\t<div id=\"col-2057786962\" class=\"col medium-3 small-12 large-3\"  >\n\t\t\t\t<div class=\"col-inner\"  >\n\t\t\t\n\t\t\t\n\t<div class=\"box has-hover   has-hover box-text-bottom\" >\n\n\t\t<div class=\"box-image\" >\n\t\t\t\t\t\t<div class=\"image-cover\" style=\"padding-top:100%;\">\n\t\t\t\t<img loading=\"lazy\" decoding=\"async\" width=\"1200\" height=\"800\" src=\"https:\/\/cbvgroup.net\/wp-content\/uploads\/2023\/07\/quang-cao.png\" class=\"attachment- size-\" alt=\"\" srcset=\"https:\/\/cbvgroup.net\/wp-content\/uploads\/2023\/07\/quang-cao.png 1200w, https:\/\/cbvgroup.net\/wp-content\/uploads\/2023\/07\/quang-cao-600x400.png 600w, https:\/\/cbvgroup.net\/wp-content\/uploads\/2023\/07\/quang-cao-300x200.png 300w, https:\/\/cbvgroup.net\/wp-content\/uploads\/2023\/07\/quang-cao-1024x683.png 1024w, https:\/\/cbvgroup.net\/wp-content\/uploads\/2023\/07\/quang-cao-768x512.png 768w\" sizes=\"auto, (max-width: 1200px) 100vw, 1200px\" \/>\t\t\t\t\t\t\t\t\t\t\t<\/div>\n\t\t\t\t\t<\/div>\n\n\t\t<div class=\"box-text text-center\" >\n\t\t\t<div class=\"box-text-inner\">\n\t\t\t\t\n\t<div id=\"text-757229696\" class=\"text\">\n\t\t\n<h4><strong>CHI\u1ebeN L\u01af\u1ee2C PH\u00c1T TRI\u1ec2N \u0110A D\u1ea0NG H\u00d3A<\/strong><\/h4>\n<p>L\u00e0 chi\u1ebfn l\u01b0\u1ee3c t\u0103ng tr\u01b0\u1edfng d\u1ef1a tr\u00ean s\u1ef1 thay \u0111\u1ed5i m\u1ed9t c\u00e1ch c\u01a1 b\u1ea3n v\u1ec1 c\u00f4ng ngh\u1ec7, s\u1ea3n ph\u1ea9m, l\u0129nh v\u1ef1c kinh doanh nh\u1eb1m t\u1ea1o l\u1eadp nh\u1eefng c\u1eb7p s\u1ea3n ph\u1ea9m \u2013 th\u1ecb tr\u01b0\u1eddng m\u1edbi cho doanh nghi\u1ec7p.<\/p>\n\t\t\n<style>\n#text-757229696 {\n  text-align: center;\n}\n<\/style>\n\t<\/div>\n\t\n\t\t\t<\/div>\n\t\t<\/div>\n\t<\/div>\n\t\n\t\t<\/div>\n\t\t\t\t\t<\/div>\n\n\t\n\n\t<div id=\"col-151901694\" class=\"col medium-3 small-12 large-3\"  >\n\t\t\t\t<div class=\"col-inner\"  >\n\t\t\t\n\t\t\t\n\t<div class=\"box has-hover   has-hover box-text-bottom\" >\n\n\t\t<div class=\"box-image\" >\n\t\t\t\t\t\t<div class=\"image-cover\" style=\"padding-top:100%;\">\n\t\t\t\t<img loading=\"lazy\" decoding=\"async\" width=\"620\" height=\"405\" src=\"https:\/\/cbvgroup.net\/wp-content\/uploads\/2023\/07\/1508297617.jpg\" class=\"attachment- size-\" alt=\"\" srcset=\"https:\/\/cbvgroup.net\/wp-content\/uploads\/2023\/07\/1508297617.jpg 620w, https:\/\/cbvgroup.net\/wp-content\/uploads\/2023\/07\/1508297617-300x196.jpg 300w, https:\/\/cbvgroup.net\/wp-content\/uploads\/2023\/07\/1508297617-600x392.jpg 600w\" sizes=\"auto, (max-width: 620px) 100vw, 620px\" \/>\t\t\t\t\t\t\t\t\t\t\t<\/div>\n\t\t\t\t\t<\/div>\n\n\t\t<div class=\"box-text text-center\" >\n\t\t\t<div class=\"box-text-inner\">\n\t\t\t\t\n\t<div id=\"text-3708747681\" class=\"text\">\n\t\t\n<h4><strong>CHI\u1ebeN L\u01af\u1ee2C PH\u00c1T TRI\u1ec2N S\u1ea2N PH\u1ea8M<br \/>\n<\/strong><\/h4>\n<p>L\u00e0 chi\u1ebfn l\u01b0\u1ee3c t\u0103ng tr\u01b0\u1edfng tr\u00ean c\u01a1 s\u1edf ph\u00e1t tri\u1ec3n c\u00e1c s\u1ea3n ph\u1ea9m m\u1edbi, c\u1ea3i ti\u1ebfn c\u00e1c s\u1ea3n ph\u1ea9m hi\u1ec7n c\u00f3 \u0111\u1ec3 khai th\u00e1c m\u1ea1nh m\u1ebd v\u00e0 hi\u1ec7u qu\u1ea3 h\u01a1n th\u1ecb tr\u01b0\u1eddng hi\u1ec7n c\u00f3 c\u1ee7a doanh nghi\u1ec7p. N\u00f3 \u0111\u00f2i h\u1ecfi ph\u1ea3i c\u00f3 nh\u1eefng chi ph\u00ed tho\u1ea3 \u0111\u00e1ng cho ho\u1ea1t \u0111\u1ed9ng nghi\u00ean c\u1ee9u v\u00e0 ph\u00e1t tri\u1ec3n s\u1ea3n ph\u1ea9m.<\/p>\n\t\t\n<style>\n#text-3708747681 {\n  text-align: center;\n}\n<\/style>\n\t<\/div>\n\t\n\t\t\t<\/div>\n\t\t<\/div>\n\t<\/div>\n\t\n\t\t<\/div>\n\t\t\t\t\t<\/div>\n\n\t\n\n\t<div id=\"col-544130407\" class=\"col medium-3 small-12 large-3\"  >\n\t\t\t\t<div class=\"col-inner\"  >\n\t\t\t\n\t\t\t\n\t<div class=\"box has-hover   has-hover box-text-bottom\" >\n\n\t\t<div class=\"box-image\" >\n\t\t\t\t\t\t<div class=\"image-cover\" style=\"padding-top:100%;\">\n\t\t\t\t<img loading=\"lazy\" decoding=\"async\" width=\"850\" height=\"550\" src=\"https:\/\/cbvgroup.net\/wp-content\/uploads\/2023\/07\/16574Tangtruong_1537725531.jpg\" class=\"attachment- size-\" alt=\"\" srcset=\"https:\/\/cbvgroup.net\/wp-content\/uploads\/2023\/07\/16574Tangtruong_1537725531.jpg 850w, https:\/\/cbvgroup.net\/wp-content\/uploads\/2023\/07\/16574Tangtruong_1537725531-300x194.jpg 300w, https:\/\/cbvgroup.net\/wp-content\/uploads\/2023\/07\/16574Tangtruong_1537725531-768x497.jpg 768w, https:\/\/cbvgroup.net\/wp-content\/uploads\/2023\/07\/16574Tangtruong_1537725531-600x388.jpg 600w\" sizes=\"auto, (max-width: 850px) 100vw, 850px\" \/>\t\t\t\t\t\t\t\t\t\t\t<\/div>\n\t\t\t\t\t<\/div>\n\n\t\t<div class=\"box-text text-center\" >\n\t\t\t<div class=\"box-text-inner\">\n\t\t\t\t\n\t<div id=\"text-4026361771\" class=\"text\">\n\t\t\n<h4><strong>CHI\u1ebeN L\u01af\u1ee2C TH\u00c2M NH\u1eacP TH\u1eca TR\u01af\u1edcNG<\/strong><\/h4>\n<p>Kh\u00f4ng l\u00e0m thay \u0111\u1ed5i b\u1ea5t k\u1ef3 y\u1ebfu t\u1ed1 c\u1ea5u th\u00e0nh n\u00e0o, m\u00e0 ch\u1ec9 nh\u1eb1m t\u0103ng th\u1ecb ph\u1ea7n c\u1ee7a c\u00e1c s\u1ea3n ph\u1ea9m, d\u1ecbch v\u1ee5 hi\u1ec7n c\u00f3 tr\u00ean th\u1ecb tr\u01b0\u1eddng hi\u1ec7n c\u00f3 b\u1eb1ng nh\u1eefng n\u1ed5 l\u1ef1c ti\u1ebfp th\u1ecb m\u1ea1nh m\u1ebd v\u00e0 hi\u1ec7u qu\u1ea3 h\u01a1n.<\/p>\n\t\t\n<style>\n#text-4026361771 {\n  text-align: center;\n}\n<\/style>\n\t<\/div>\n\t\n\t\t\t<\/div>\n\t\t<\/div>\n\t<\/div>\n\t\n\t\t<\/div>\n\t\t\t\t\t<\/div>\n\n\t\n<\/div>\n\t\t<\/div>\n\t\t\t\t\t<\/div>\n\n\t\n<\/div>\n\n\t\t<\/div>\n\n\t\t\n<style>\n#section_832689575 {\n  padding-top: 30px;\n  padding-bottom: 30px;\n}\n#section_832689575 .ux-shape-divider--top svg {\n  height: 150px;\n  --divider-top-width: 100%;\n}\n#section_832689575 .ux-shape-divider--bottom svg {\n  height: 150px;\n  --divider-width: 100%;\n}\n<\/style>\n\t<\/section>\n\t\n","protected":false},"excerpt":{"rendered":"","protected":false},"author":1,"featured_media":0,"parent":0,"menu_order":0,"comment_status":"closed","ping_status":"closed","template":"page-blank.php","meta":{"footnotes":""},"class_list":["post-2261","page","type-page","status-publish","hentry"],"acf":[],"lang":"en","translations":{"en":2261},"pll_sync_post":[],"_links":{"self":[{"href":"https:\/\/cbvgroup.net\/index.php?rest_route=\/wp\/v2\/pages\/2261","targetHints":{"allow":["GET"]}}],"collection":[{"href":"https:\/\/cbvgroup.net\/index.php?rest_route=\/wp\/v2\/pages"}],"about":[{"href":"https:\/\/cbvgroup.net\/index.php?rest_route=\/wp\/v2\/types\/page"}],"author":[{"embeddable":true,"href":"https:\/\/cbvgroup.net\/index.php?rest_route=\/wp\/v2\/users\/1"}],"replies":[{"embeddable":true,"href":"https:\/\/cbvgroup.net\/index.php?rest_route=%2Fwp%2Fv2%2Fcomments&post=2261"}],"version-history":[{"count":1,"href":"https:\/\/cbvgroup.net\/index.php?rest_route=\/wp\/v2\/pages\/2261\/revisions"}],"predecessor-version":[{"id":2262,"href":"https:\/\/cbvgroup.net\/index.php?rest_route=\/wp\/v2\/pages\/2261\/revisions\/2262"}],"wp:attachment":[{"href":"https:\/\/cbvgroup.net\/index.php?rest_route=%2Fwp%2Fv2%2Fmedia&parent=2261"}],"curies":[{"name":"wp","href":"https:\/\/api.w.org\/{rel}","templated":true}]}}