{"id":1901,"date":"2023-07-11T05:08:57","date_gmt":"2023-07-11T05:08:57","guid":{"rendered":"https:\/\/giaiphaponline.vn\/cbvgroup\/?post_type=product&#038;p=1901"},"modified":"2024-06-24T10:36:53","modified_gmt":"2024-06-24T10:36:53","slug":"khoa-hoc-giam-doc-kinh-doanh-cco","status":"publish","type":"product","link":"https:\/\/cbvgroup.net\/?product=khoa-hoc-giam-doc-kinh-doanh-cco","title":{"rendered":"Kh\u00f3a h\u1ecdc Gi\u00e1m \u0111\u1ed1c Kinh doanh (CCO)"},"content":{"rendered":"<p>C\u00f9ng v\u1edbi nh\u1eefng thay \u0111\u1ed5i r\u00f5 r\u1ec7t c\u1ee7a l\u0129nh v\u1ef1c Marketing, ng\u00e0nh qu\u1ea3n tr\u1ecb b\u00e1n h\u00e0ng tr\u00ean th\u1ebf gi\u1edbi v\u00e0 b\u1ed1i c\u1ea3nh th\u1ecb tr\u01b0\u1eddng kinh doanh t\u1ea1i Vi\u1ec7t Nam hi\u1ec7n nay, c\u00e1c chuy\u00ean gia c\u1ee7a PACE \u0111\u00e3 ti\u1ebfn h\u00e0nh nghi\u00ean c\u1ee9u, thi\u1ebft k\u1ebf v\u00e0 bi\u00ean so\u1ea1n n\u00ean kho\u00e1 h\u1ecdc \u201cGi\u00e1m \u0111\u1ed1c Kinh doanh\/ Chief Customer Officer\u201d (CCO) d\u00e0nh cho c\u00e1c nh\u00e0 l\u00e3nh \u0111\u1ea1o, qu\u1ea3n l\u00fd.<\/p>\n<p>Ch\u01b0\u01a1ng tr\u00ecnh v\u1edbi Ban Gi\u1ea3ng Hu\u1ea5n l\u00e0 c\u00e1c chuy\u00ean gia d\u00e0y d\u1eb7n kinh nghi\u1ec7m trong ph\u00e1t tri\u1ec3n kinh doanh, ti\u1ebfp th\u1ecb v\u00e0 qu\u1ea3n tr\u1ecb b\u00e1n h\u00e0ng, nh\u1eefng ng\u01b0\u1eddi am hi\u1ec3u s\u00e2u s\u1eafc v\u1ec1 m\u00f4i tr\u01b0\u1eddng kinh doanh qu\u1ed1c t\u1ebf c\u0169ng nh\u01b0 b\u1ed1i c\u1ea3nh kinh doanh t\u1ea1i Vi\u1ec7t Nam hi\u1ec7n nay.<\/p>\n<p>Ch\u01b0\u01a1ng tr\u00ecnh n\u00e0y s\u1ebd trang b\u1ecb cho H\u1ecdc vi\u00ean:<\/p>\n<ul>\n<li aria-level=\"1\">T\u01b0 duy, nh\u1eadn th\u1ee9c c\u1ed1t l\u00f5i m\u00e0 m\u1ed9t CCO c\u1ea7n c\u00f3 \u0111\u1ec3 ho\u00e0n th\u00e0nh vai tr\u00f2 trong m\u00f4i tr\u01b0\u1eddng kinh doanh \u0111ang ng\u00e0y c\u00e0ng h\u1ed9i nh\u1eadp s\u00e2u r\u1ed9ng v\u1edbi th\u1ebf gi\u1edbi.<\/li>\n<li aria-level=\"1\">Nh\u1eefng ki\u1ebfn th\u1ee9c, k\u1ef9 n\u0103ng c\u1eadp nh\u1eadt c\u1ee7a th\u1ebf gi\u1edbi m\u00e0 m\u1ed9t CCO c\u1ea7n c\u00f3.<\/li>\n<\/ul>\n","protected":false},"excerpt":{"rendered":"<p>C\u00f9ng v\u1edbi nh\u1eefng thay \u0111\u1ed5i r\u00f5 r\u1ec7t c\u1ee7a l\u0129nh v\u1ef1c Marketing, ng\u00e0nh qu\u1ea3n tr\u1ecb b\u00e1n h\u00e0ng tr\u00ean th\u1ebf gi\u1edbi v\u00e0 b\u1ed1i c\u1ea3nh th\u1ecb tr\u01b0\u1eddng kinh doanh t\u1ea1i Vi\u1ec7t Nam hi\u1ec7n nay, c\u00e1c chuy\u00ean gia c\u1ee7a PACE \u0111\u00e3 ti\u1ebfn h\u00e0nh nghi\u00ean c\u1ee9u, thi\u1ebft k\u1ebf v\u00e0 bi\u00ean so\u1ea1n n\u00ean kho\u00e1 h\u1ecdc \u201cGi\u00e1m \u0111\u1ed1c Kinh doanh\/ Chief Customer Officer\u201d (CCO) d\u00e0nh cho c\u00e1c nh\u00e0 l\u00e3nh \u0111\u1ea1o, qu\u1ea3n l\u00fd.<\/p>\n","protected":false},"featured_media":1902,"comment_status":"closed","ping_status":"closed","template":"","meta":[],"product_cat":[52],"product_tag":[],"class_list":{"0":"post-1901","1":"product","2":"type-product","3":"status-publish","4":"has-post-thumbnail","6":"product_cat-khoa-hoc","8":"first","9":"instock","10":"shipping-taxable","11":"product-type-simple"},"acf":[],"lang":"vi","translations":{"vi":1901},"pll_sync_post":[],"_links":{"self":[{"href":"https:\/\/cbvgroup.net\/index.php?rest_route=\/wp\/v2\/product\/1901","targetHints":{"allow":["GET"]}}],"collection":[{"href":"https:\/\/cbvgroup.net\/index.php?rest_route=\/wp\/v2\/product"}],"about":[{"href":"https:\/\/cbvgroup.net\/index.php?rest_route=\/wp\/v2\/types\/product"}],"replies":[{"embeddable":true,"href":"https:\/\/cbvgroup.net\/index.php?rest_route=%2Fwp%2Fv2%2Fcomments&post=1901"}],"wp:featuredmedia":[{"embeddable":true,"href":"https:\/\/cbvgroup.net\/index.php?rest_route=\/wp\/v2\/media\/1902"}],"wp:attachment":[{"href":"https:\/\/cbvgroup.net\/index.php?rest_route=%2Fwp%2Fv2%2Fmedia&parent=1901"}],"wp:term":[{"taxonomy":"product_cat","embeddable":true,"href":"https:\/\/cbvgroup.net\/index.php?rest_route=%2Fwp%2Fv2%2Fproduct_cat&post=1901"},{"taxonomy":"product_tag","embeddable":true,"href":"https:\/\/cbvgroup.net\/index.php?rest_route=%2Fwp%2Fv2%2Fproduct_tag&post=1901"}],"curies":[{"name":"wp","href":"https:\/\/api.w.org\/{rel}","templated":true}]}}