{"id":1938,"date":"2023-07-11T07:50:05","date_gmt":"2023-07-11T07:50:05","guid":{"rendered":"https:\/\/giaiphaponline.vn\/cbvgroup\/?post_type=product&#038;p=1938"},"modified":"2023-10-28T03:41:11","modified_gmt":"2023-10-28T03:41:11","slug":"ky-nang-dao-tao-huan-luyen-nhan-vien-1","status":"publish","type":"product","link":"https:\/\/cbvgroup.net\/?product=ky-nang-dao-tao-huan-luyen-nhan-vien-1","title":{"rendered":"K\u1ef9 n\u0103ng \u0111\u00e0o t\u1ea1o &#038; hu\u1ea5n luy\u1ec7n nh\u00e2n vi\u00ean 1"},"content":{"rendered":"<p>Ch\u01b0\u01a1ng tr\u00ecnh \u201cK\u1ef9 n\u0103ng \u0110\u00e0o t\u1ea1o &amp; Hu\u1ea5n luy\u1ec7n Nh\u00e2n vi\u00ean\u201d do H\u1ecdc vi\u1ec7n Qu\u1ea3n l\u00fd PACE thi\u1ebft k\u1ebf, bi\u00ean so\u1ea1n v\u00e0 tri\u1ec3n khai.<\/p>\n<p>Kho\u00e1 h\u1ecdc d\u00e0nh cho c\u00e1c nh\u00e0 l\u00e3nh \u0111\u1ea1o nh\u1eb1m m\u1ee5c \u0111\u00edch:<\/p>\n<ul>\n<li aria-level=\"1\">Cung c\u1ea5p cho H\u1ecdc vi\u00ean hi\u1ec3u v\u00e0 n\u1eafm \u0111\u01b0\u1ee3c nh\u1eefng nh\u1eadn th\u1ee9c c\u1ed1t l\u00f5i trong ho\u1ea1t \u0111\u1ed9ng \u0111\u00e0o t\u1ea1o v\u00e0 hu\u1ea5n luy\u1ec7n nh\u00e2n vi\u00ean trong m\u00f4i tr\u01b0\u1eddng doanh nghi\u1ec7p ng\u00e0y nay.<\/li>\n<li aria-level=\"1\">N\u1eafm \u0111\u01b0\u1ee3c nh\u1eefng nguy\u00ean t\u1eafc, quy tr\u00ecnh, ph\u01b0\u01a1ng ph\u00e1p v\u00e0 c\u00f4ng c\u1ee5 \u0111\u1ec3 th\u1ef1c hi\u1ec7n c\u00f4ng t\u00e1c \u0111\u00e0o t\u1ea1o, hu\u1ea5n luy\u1ec7n nh\u00e2n vi\u00ean m\u1ed9t c\u00e1ch hi\u1ec7u qu\u1ea3, ph\u00f9 h\u1ee3p.<\/li>\n<li aria-level=\"1\">C\u00e1c nh\u00e0 l\u00e3nh \u0111\u1ea1o s\u1ebd bi\u1ebft c\u00e1ch ph\u00e1t huy n\u0103ng l\u1ef1c nh\u00e2n vi\u00ean, t\u01b0 duy s\u00e1ng t\u1ea1o \u0111\u1ec3 n\u00e2ng cao hi\u1ec7u qu\u1ea3 c\u1ee7a c\u00f4ng t\u00e1c \u0111\u00e0o t\u1ea1o, hu\u1ea5n luy\u1ec7n nh\u00e2n vi\u00ean.<\/li>\n<\/ul>\n","protected":false},"excerpt":{"rendered":"<p>Ch\u01b0\u01a1ng tr\u00ecnh \u201cK\u1ef9 n\u0103ng \u0110\u00e0o t\u1ea1o &amp; Hu\u1ea5n luy\u1ec7n Nh\u00e2n vi\u00ean\u201d do H\u1ecdc vi\u1ec7n Qu\u1ea3n l\u00fd PACE thi\u1ebft k\u1ebf, bi\u00ean so\u1ea1n v\u00e0 tri\u1ec3n khai.<\/p>\n","protected":false},"featured_media":1930,"comment_status":"closed","ping_status":"closed","template":"","meta":[],"product_cat":[79,52],"product_tag":[],"class_list":{"0":"post-1938","1":"product","2":"type-product","3":"status-publish","4":"has-post-thumbnail","6":"product_cat-chuong-trinh-phat-trien-nang-luc-mem","7":"product_cat-khoa-hoc","9":"first","10":"instock","11":"shipping-taxable","12":"product-type-simple"},"acf":[],"lang":"vi","translations":{"vi":1938},"pll_sync_post":[],"_links":{"self":[{"href":"https:\/\/cbvgroup.net\/index.php?rest_route=\/wp\/v2\/product\/1938","targetHints":{"allow":["GET"]}}],"collection":[{"href":"https:\/\/cbvgroup.net\/index.php?rest_route=\/wp\/v2\/product"}],"about":[{"href":"https:\/\/cbvgroup.net\/index.php?rest_route=\/wp\/v2\/types\/product"}],"replies":[{"embeddable":true,"href":"https:\/\/cbvgroup.net\/index.php?rest_route=%2Fwp%2Fv2%2Fcomments&post=1938"}],"wp:featuredmedia":[{"embeddable":true,"href":"https:\/\/cbvgroup.net\/index.php?rest_route=\/wp\/v2\/media\/1930"}],"wp:attachment":[{"href":"https:\/\/cbvgroup.net\/index.php?rest_route=%2Fwp%2Fv2%2Fmedia&parent=1938"}],"wp:term":[{"taxonomy":"product_cat","embeddable":true,"href":"https:\/\/cbvgroup.net\/index.php?rest_route=%2Fwp%2Fv2%2Fproduct_cat&post=1938"},{"taxonomy":"product_tag","embeddable":true,"href":"https:\/\/cbvgroup.net\/index.php?rest_route=%2Fwp%2Fv2%2Fproduct_tag&post=1938"}],"curies":[{"name":"wp","href":"https:\/\/api.w.org\/{rel}","templated":true}]}}