{"id":3232,"date":"2024-06-03T02:04:39","date_gmt":"2024-06-02T19:04:39","guid":{"rendered":"https:\/\/demo.cbvgroup.net\/?post_type=product&#038;p=3232"},"modified":"2024-07-30T11:34:02","modified_gmt":"2024-07-30T04:34:02","slug":"3232","status":"publish","type":"product","link":"https:\/\/cbvgroup.net\/?product=3232","title":{"rendered":"DESIGN THINKING"},"content":{"rendered":"<p><img loading=\"lazy\" decoding=\"async\" class=\"alignnone size-full wp-image-3746\" src=\"https:\/\/cbvgroup.net\/wp-content\/uploads\/2024\/06\/Flyer_CBV_3-1-scaled.jpg\" alt=\"\" width=\"1810\" height=\"2560\" srcset=\"https:\/\/cbvgroup.net\/wp-content\/uploads\/2024\/06\/Flyer_CBV_3-1-scaled.jpg 1810w, https:\/\/cbvgroup.net\/wp-content\/uploads\/2024\/06\/Flyer_CBV_3-1-212x300.jpg 212w, https:\/\/cbvgroup.net\/wp-content\/uploads\/2024\/06\/Flyer_CBV_3-1-724x1024.jpg 724w, https:\/\/cbvgroup.net\/wp-content\/uploads\/2024\/06\/Flyer_CBV_3-1-768x1086.jpg 768w, https:\/\/cbvgroup.net\/wp-content\/uploads\/2024\/06\/Flyer_CBV_3-1-1086x1536.jpg 1086w, https:\/\/cbvgroup.net\/wp-content\/uploads\/2024\/06\/Flyer_CBV_3-1-1448x2048.jpg 1448w, https:\/\/cbvgroup.net\/wp-content\/uploads\/2024\/06\/Flyer_CBV_3-1-1320x1867.jpg 1320w, https:\/\/cbvgroup.net\/wp-content\/uploads\/2024\/06\/Flyer_CBV_3-1-600x849.jpg 600w\" sizes=\"auto, (max-width: 1810px) 100vw, 1810px\" \/><\/p>\n<p><img loading=\"lazy\" decoding=\"async\" class=\"alignnone wp-image-3335\" src=\"https:\/\/cbvgroup.net\/wp-content\/uploads\/2024\/06\/Brochure_CBV_DT_VN_02-1-scaled.jpg\" alt=\"\" width=\"1810\" height=\"2560\" srcset=\"https:\/\/cbvgroup.net\/wp-content\/uploads\/2024\/06\/Brochure_CBV_DT_VN_02-1-scaled.jpg 1810w, https:\/\/cbvgroup.net\/wp-content\/uploads\/2024\/06\/Brochure_CBV_DT_VN_02-1-212x300.jpg 212w, https:\/\/cbvgroup.net\/wp-content\/uploads\/2024\/06\/Brochure_CBV_DT_VN_02-1-724x1024.jpg 724w, https:\/\/cbvgroup.net\/wp-content\/uploads\/2024\/06\/Brochure_CBV_DT_VN_02-1-768x1086.jpg 768w, https:\/\/cbvgroup.net\/wp-content\/uploads\/2024\/06\/Brochure_CBV_DT_VN_02-1-1086x1536.jpg 1086w, https:\/\/cbvgroup.net\/wp-content\/uploads\/2024\/06\/Brochure_CBV_DT_VN_02-1-1448x2048.jpg 1448w, https:\/\/cbvgroup.net\/wp-content\/uploads\/2024\/06\/Brochure_CBV_DT_VN_02-1-1320x1867.jpg 1320w, https:\/\/cbvgroup.net\/wp-content\/uploads\/2024\/06\/Brochure_CBV_DT_VN_02-1-600x849.jpg 600w\" sizes=\"auto, (max-width: 1810px) 100vw, 1810px\" \/><\/p>\n<h4 style=\"text-align: center;\">Kh\u00f3a h\u1ecdc \u0111\u01b0\u1ee3c khai gi\u1ea3ng th\u01b0\u1eddng xuy\u00ean, vui l\u00f2ng li\u00ean h\u1ec7 ch\u00fang t\u00f4i \u0111\u1ec3 \u0111\u01b0\u1ee3c c\u1eadp nh\u1eadt chi ti\u1ebft.<\/h4>\n","protected":false},"excerpt":{"rendered":"<p><strong>Design Thinking<\/strong> &#8211; T\u01b0 duy gi\u1ea3i ph\u00e1p \u0111\u1ed9t ph\u00e1 cho Business &#8211;\u00a0 l\u00e0 qu\u00e1 tr\u00ecnh t\u01b0 duy nh\u1eb1m ti\u1ebfp c\u1eadn v\u00e0 gi\u1ea3i quy\u1ebft v\u1ea5n \u0111\u1ec1 d\u1ef1a tr\u00ean t\u01b0 duy h\u00ecnh \u1ea3nh \u0111\u1ec3 h\u1eefu h\u00ecnh h\u00f3a gi\u1ea3i ph\u00e1p.<\/p>\n","protected":false},"featured_media":3146,"comment_status":"closed","ping_status":"closed","template":"","meta":[],"product_cat":[332,52],"product_tag":[],"class_list":{"0":"post-3232","1":"product","2":"type-product","3":"status-publish","4":"has-post-thumbnail","6":"product_cat-nang-luc-phat-trien-ban-than","7":"product_cat-khoa-hoc","9":"first","10":"instock","11":"featured","12":"shipping-taxable","13":"product-type-simple"},"acf":[],"lang":"vi","translations":{"vi":3232},"pll_sync_post":[],"_links":{"self":[{"href":"https:\/\/cbvgroup.net\/index.php?rest_route=\/wp\/v2\/product\/3232","targetHints":{"allow":["GET"]}}],"collection":[{"href":"https:\/\/cbvgroup.net\/index.php?rest_route=\/wp\/v2\/product"}],"about":[{"href":"https:\/\/cbvgroup.net\/index.php?rest_route=\/wp\/v2\/types\/product"}],"replies":[{"embeddable":true,"href":"https:\/\/cbvgroup.net\/index.php?rest_route=%2Fwp%2Fv2%2Fcomments&post=3232"}],"wp:featuredmedia":[{"embeddable":true,"href":"https:\/\/cbvgroup.net\/index.php?rest_route=\/wp\/v2\/media\/3146"}],"wp:attachment":[{"href":"https:\/\/cbvgroup.net\/index.php?rest_route=%2Fwp%2Fv2%2Fmedia&parent=3232"}],"wp:term":[{"taxonomy":"product_cat","embeddable":true,"href":"https:\/\/cbvgroup.net\/index.php?rest_route=%2Fwp%2Fv2%2Fproduct_cat&post=3232"},{"taxonomy":"product_tag","embeddable":true,"href":"https:\/\/cbvgroup.net\/index.php?rest_route=%2Fwp%2Fv2%2Fproduct_tag&post=3232"}],"curies":[{"name":"wp","href":"https:\/\/api.w.org\/{rel}","templated":true}]}}